{"id":13969,"date":"2022-07-26T15:05:48","date_gmt":"2022-07-26T15:05:48","guid":{"rendered":"http:\/\/laplumedeloiseaulyre.com\/?page_id=13969"},"modified":"2024-02-29T23:13:42","modified_gmt":"2024-02-29T23:13:42","slug":"enracinee-2021-en-cours","status":"publish","type":"page","link":"https:\/\/laplumedeloiseaulyre.com\/?page_id=13969","title":{"rendered":"Enracin\u00e9e (2021-en cours)"},"content":{"rendered":"\n<p>Ce racinier bleu trouve son inspiration dans l&rsquo;extraordinaire <a rel=\"noreferrer noopener\" href=\"http:\/\/laplumedeloiseaulyre.com\/?p=13169\" target=\"_blank\">Racinier de Lichtenegger et Kutschera<\/a>. Les racines s\u00e9lectionn\u00e9es par l&rsquo;artiste GLSG r\u00e9v\u00e9l\u00e9es en cyanotype se transforment en \u00e9clairs et ph\u00e9nom\u00e8nes c\u00e9lestes hybrides. Le v\u00e9g\u00e9tal se m\u00e9tamorphose, le bleu et le blanc s&rsquo;interp\u00e9n\u00e8trent. La terre s\u00e8che se brise en m\u00e9t\u00e9orites sur le papier et en filaments oniriques. <\/p>\n\n\n\n<p><span style=\"color:#6c7274\" class=\"has-inline-color\"><strong>Enracin\u00e9e <\/strong>&#8211; 2021\/in progress<\/span><\/p>\n\n\n\n<p><br><span style=\"color:#6c7274\" class=\"has-inline-color\">This blue racinier is inspired by the extraordinary <a rel=\"noreferrer noopener\" href=\"http:\/\/laplumedeloiseaulyre.com\/?p=13169\" target=\"_blank\">Racinier by Lichtenegger and Kutschera<\/a>. The roots selected by the artist GLSG and revealed in cyanotype are transformed into lightning bolts and hybrid celestial phenomena. Plants metamorphose, blue and white intermingle. Dry earth shatters into meteorites on paper and dreamlike filaments.<\/span><\/p>\n\n\n\n<p><strong>DESCRIPTION<\/strong><br>s\u00e9rie de cyanotypes&nbsp;<br>2021 \u2013 en cours&nbsp;<br>sign\u00e9s et dat\u00e9s \/ \u00a9Gabrielle de Lassus Saint-Geni\u00e8s<\/p>\n\n\n\n<p><strong><a href=\"http:\/\/laplumedeloiseaulyre.com\/?page_id=5771\" target=\"_blank\" rel=\"noreferrer noopener\">Prix sur demande<\/a><\/strong><\/p>\n\n\n\n<p><span class=\"has-inline-color has-luminous-vivid-orange-color\"><strong>Note importante :<\/strong> &nbsp;la mention \u00ab collection de \u00bb qui peut figurer sous les photos des cyanotypes indique que l\u2019oeuvre est d\u00e9j\u00e0 entr\u00e9e dans une collection et qu\u2019elle n\u2019est plus disponible \u00e0 la vente. En revanche un tirage dans le m\u00eame esprit peut \u00eatre r\u00e9alis\u00e9 si vous tenez plus particuli\u00e8rement \u00e0 un mod\u00e8le ou \u00e0 une composition.<\/span><\/p>\n\n\n\n<div class=\"wp-block-image\"><figure class=\"aligncenter size-large\"><img loading=\"lazy\" width=\"775\" height=\"1024\" src=\"https:\/\/i0.wp.com\/laplumedeloiseaulyre.com\/wp-content\/uploads\/2022\/07\/2021_Geranium.jpg?resize=775%2C1024\" alt=\"\" class=\"wp-image-13972\" srcset=\"https:\/\/i1.wp.com\/laplumedeloiseaulyre.com\/wp-content\/uploads\/2022\/07\/2021_Geranium-scaled.jpg?resize=775%2C1024&amp;ssl=1 775w, https:\/\/i1.wp.com\/laplumedeloiseaulyre.com\/wp-content\/uploads\/2022\/07\/2021_Geranium-scaled.jpg?resize=227%2C300&amp;ssl=1 227w, https:\/\/i1.wp.com\/laplumedeloiseaulyre.com\/wp-content\/uploads\/2022\/07\/2021_Geranium-scaled.jpg?resize=768%2C1015&amp;ssl=1 768w, https:\/\/i1.wp.com\/laplumedeloiseaulyre.com\/wp-content\/uploads\/2022\/07\/2021_Geranium-scaled.jpg?resize=1163%2C1536&amp;ssl=1 1163w, https:\/\/i1.wp.com\/laplumedeloiseaulyre.com\/wp-content\/uploads\/2022\/07\/2021_Geranium-scaled.jpg?resize=1550%2C2048&amp;ssl=1 1550w, https:\/\/i1.wp.com\/laplumedeloiseaulyre.com\/wp-content\/uploads\/2022\/07\/2021_Geranium-scaled.jpg?resize=560%2C740&amp;ssl=1 560w, https:\/\/i1.wp.com\/laplumedeloiseaulyre.com\/wp-content\/uploads\/2022\/07\/2021_Geranium-scaled.jpg?resize=160%2C211&amp;ssl=1 160w, https:\/\/i1.wp.com\/laplumedeloiseaulyre.com\/wp-content\/uploads\/2022\/07\/2021_Geranium-scaled.jpg?w=1938&amp;ssl=1 1938w, https:\/\/i1.wp.com\/laplumedeloiseaulyre.com\/wp-content\/uploads\/2022\/07\/2021_Geranium-scaled.jpg?w=1720 1720w\" sizes=\"(max-width: 775px) 100vw, 775px\" data-recalc-dims=\"1\" \/><figcaption><strong>Chevelure de com\u00e8t<\/strong>e (<em>Geranium<\/em>, Geraniaceae) cyanotype, 30&#215;40 cm, 2021, prix sur demande \u00a9GLSG <\/figcaption><\/figure><\/div>\n\n\n\n<p><\/p>\n\n\n\n<div class=\"wp-block-image\"><figure class=\"aligncenter size-large\"><img loading=\"lazy\" width=\"768\" height=\"1024\" src=\"https:\/\/i0.wp.com\/laplumedeloiseaulyre.com\/wp-content\/uploads\/2022\/07\/IMG_7726.jpg?resize=768%2C1024\" alt=\"\" class=\"wp-image-13970\" srcset=\"https:\/\/i1.wp.com\/laplumedeloiseaulyre.com\/wp-content\/uploads\/2022\/07\/IMG_7726-scaled.jpg?resize=768%2C1024&amp;ssl=1 768w, https:\/\/i1.wp.com\/laplumedeloiseaulyre.com\/wp-content\/uploads\/2022\/07\/IMG_7726-scaled.jpg?resize=225%2C300&amp;ssl=1 225w, https:\/\/i1.wp.com\/laplumedeloiseaulyre.com\/wp-content\/uploads\/2022\/07\/IMG_7726-scaled.jpg?resize=1152%2C1536&amp;ssl=1 1152w, https:\/\/i1.wp.com\/laplumedeloiseaulyre.com\/wp-content\/uploads\/2022\/07\/IMG_7726-scaled.jpg?resize=1536%2C2048&amp;ssl=1 1536w, https:\/\/i1.wp.com\/laplumedeloiseaulyre.com\/wp-content\/uploads\/2022\/07\/IMG_7726-scaled.jpg?resize=560%2C747&amp;ssl=1 560w, https:\/\/i1.wp.com\/laplumedeloiseaulyre.com\/wp-content\/uploads\/2022\/07\/IMG_7726-scaled.jpg?resize=160%2C213&amp;ssl=1 160w, https:\/\/i1.wp.com\/laplumedeloiseaulyre.com\/wp-content\/uploads\/2022\/07\/IMG_7726-scaled.jpg?w=1920&amp;ssl=1 1920w, https:\/\/i1.wp.com\/laplumedeloiseaulyre.com\/wp-content\/uploads\/2022\/07\/IMG_7726-scaled.jpg?w=1720 1720w\" sizes=\"(max-width: 768px) 100vw, 768px\" data-recalc-dims=\"1\" \/><figcaption><strong>\u00c9clairs, d\u00e9tail <\/strong>(<em>Solanum lycopersicum<\/em>, Solanaceae) cyanotype, 30&#215;40 cm, 2022, prix sur demande \u00a9GLSG<\/figcaption><\/figure><\/div>\n\n\n\n<div class=\"wp-block-image\"><figure class=\"aligncenter size-large\"><img loading=\"lazy\" width=\"768\" height=\"1024\" src=\"https:\/\/i0.wp.com\/laplumedeloiseaulyre.com\/wp-content\/uploads\/2023\/02\/2022_8_Racine.jpg?resize=768%2C1024\" alt=\"\" class=\"wp-image-14260\" srcset=\"https:\/\/i0.wp.com\/laplumedeloiseaulyre.com\/wp-content\/uploads\/2023\/02\/2022_8_Racine-scaled.jpg?resize=768%2C1024&amp;ssl=1 768w, https:\/\/i0.wp.com\/laplumedeloiseaulyre.com\/wp-content\/uploads\/2023\/02\/2022_8_Racine-scaled.jpg?resize=225%2C300&amp;ssl=1 225w, https:\/\/i0.wp.com\/laplumedeloiseaulyre.com\/wp-content\/uploads\/2023\/02\/2022_8_Racine-scaled.jpg?resize=1152%2C1536&amp;ssl=1 1152w, https:\/\/i0.wp.com\/laplumedeloiseaulyre.com\/wp-content\/uploads\/2023\/02\/2022_8_Racine-scaled.jpg?resize=1536%2C2048&amp;ssl=1 1536w, https:\/\/i0.wp.com\/laplumedeloiseaulyre.com\/wp-content\/uploads\/2023\/02\/2022_8_Racine-scaled.jpg?resize=560%2C747&amp;ssl=1 560w, https:\/\/i0.wp.com\/laplumedeloiseaulyre.com\/wp-content\/uploads\/2023\/02\/2022_8_Racine-scaled.jpg?resize=160%2C213&amp;ssl=1 160w, https:\/\/i0.wp.com\/laplumedeloiseaulyre.com\/wp-content\/uploads\/2023\/02\/2022_8_Racine-scaled.jpg?w=1920&amp;ssl=1 1920w, https:\/\/i0.wp.com\/laplumedeloiseaulyre.com\/wp-content\/uploads\/2023\/02\/2022_8_Racine-scaled.jpg?w=1720 1720w\" sizes=\"(max-width: 768px) 100vw, 768px\" data-recalc-dims=\"1\" \/><figcaption><strong>Enchev\u00eatrement<\/strong>, cyanotype, 30&#215;40 cm, 2022, prix sur demande \u00a9GLSG<\/figcaption><\/figure><\/div>\n\n\n\n<p><\/p>\n","protected":false},"excerpt":{"rendered":"<p>Ce racinier bleu trouve son inspiration dans l&rsquo;extraordinaire Racinier de Lichtenegger et Kutschera. Les racines s\u00e9lectionn\u00e9es par l&rsquo;artiste GLSG r\u00e9v\u00e9l\u00e9es en cyanotype se transforment en \u00e9clairs et ph\u00e9nom\u00e8nes c\u00e9lestes hybrides. Le v\u00e9g\u00e9tal se m\u00e9tamorphose, le bleu et le blanc s&rsquo;interp\u00e9n\u00e8trent.&hellip;<\/p>\n<p class=\"more-link-p\"><a class=\"more-link\" href=\"https:\/\/laplumedeloiseaulyre.com\/?page_id=13969\">Read more &rarr;<\/a><\/p>\n","protected":false},"author":1,"featured_media":14260,"parent":0,"menu_order":0,"comment_status":"closed","ping_status":"closed","template":"","meta":{"spay_email":""},"jetpack_shortlink":"https:\/\/wp.me\/P4lzfC-3Dj","_links":{"self":[{"href":"https:\/\/laplumedeloiseaulyre.com\/index.php?rest_route=\/wp\/v2\/pages\/13969"}],"collection":[{"href":"https:\/\/laplumedeloiseaulyre.com\/index.php?rest_route=\/wp\/v2\/pages"}],"about":[{"href":"https:\/\/laplumedeloiseaulyre.com\/index.php?rest_route=\/wp\/v2\/types\/page"}],"author":[{"embeddable":true,"href":"https:\/\/laplumedeloiseaulyre.com\/index.php?rest_route=\/wp\/v2\/users\/1"}],"replies":[{"embeddable":true,"href":"https:\/\/laplumedeloiseaulyre.com\/index.php?rest_route=%2Fwp%2Fv2%2Fcomments&post=13969"}],"version-history":[{"count":8,"href":"https:\/\/laplumedeloiseaulyre.com\/index.php?rest_route=\/wp\/v2\/pages\/13969\/revisions"}],"predecessor-version":[{"id":15349,"href":"https:\/\/laplumedeloiseaulyre.com\/index.php?rest_route=\/wp\/v2\/pages\/13969\/revisions\/15349"}],"wp:featuredmedia":[{"embeddable":true,"href":"https:\/\/laplumedeloiseaulyre.com\/index.php?rest_route=\/wp\/v2\/media\/14260"}],"wp:attachment":[{"href":"https:\/\/laplumedeloiseaulyre.com\/index.php?rest_route=%2Fwp%2Fv2%2Fmedia&parent=13969"}],"curies":[{"name":"wp","href":"https:\/\/api.w.org\/{rel}","templated":true}]}}