{"id":9415,"date":"2019-01-24T01:42:41","date_gmt":"2019-01-24T01:42:41","guid":{"rendered":"http:\/\/laplumedeloiseaulyre.com\/?page_id=9415"},"modified":"2019-01-24T01:49:05","modified_gmt":"2019-01-24T01:49:05","slug":"didiscus-trachymene-coerulea","status":"publish","type":"page","link":"http:\/\/laplumedeloiseaulyre.com\/?page_id=9415","title":{"rendered":"DIDISCUS Trachymene caerulea"},"content":{"rendered":"<p>La distance qui nous s\u00e9pare et nous d\u00e9pare<br \/>\nNe peut \u00e9teindre un c\u0153ur qu\u2019un autre c\u0153ur \u00e9claire<br \/>\nComme deux soleils seraient l\u2019un pour l\u2019autre, phares :<br \/>\nDidiscus, plus je vous connais, plus m\u2019\u00eates cher.<\/p>\n","protected":false},"excerpt":{"rendered":"<p>La distance qui nous s\u00e9pare et nous d\u00e9pare Ne peut \u00e9teindre un c\u0153ur qu\u2019un autre c\u0153ur \u00e9claire Comme deux soleils seraient l\u2019un pour l\u2019autre, phares : Didiscus, plus je vous connais, plus m\u2019\u00eates cher.<\/p>\n<p class=\"more-link-p\"><a class=\"more-link\" href=\"http:\/\/laplumedeloiseaulyre.com\/?page_id=9415\">Read more &rarr;<\/a><\/p>\n","protected":false},"author":1,"featured_media":0,"parent":0,"menu_order":0,"comment_status":"closed","ping_status":"closed","template":"","meta":{"spay_email":""},"jetpack_shortlink":"https:\/\/wp.me\/P4lzfC-2rR","_links":{"self":[{"href":"http:\/\/laplumedeloiseaulyre.com\/index.php?rest_route=\/wp\/v2\/pages\/9415"}],"collection":[{"href":"http:\/\/laplumedeloiseaulyre.com\/index.php?rest_route=\/wp\/v2\/pages"}],"about":[{"href":"http:\/\/laplumedeloiseaulyre.com\/index.php?rest_route=\/wp\/v2\/types\/page"}],"author":[{"embeddable":true,"href":"http:\/\/laplumedeloiseaulyre.com\/index.php?rest_route=\/wp\/v2\/users\/1"}],"replies":[{"embeddable":true,"href":"http:\/\/laplumedeloiseaulyre.com\/index.php?rest_route=%2Fwp%2Fv2%2Fcomments&post=9415"}],"version-history":[{"count":2,"href":"http:\/\/laplumedeloiseaulyre.com\/index.php?rest_route=\/wp\/v2\/pages\/9415\/revisions"}],"predecessor-version":[{"id":9417,"href":"http:\/\/laplumedeloiseaulyre.com\/index.php?rest_route=\/wp\/v2\/pages\/9415\/revisions\/9417"}],"wp:attachment":[{"href":"http:\/\/laplumedeloiseaulyre.com\/index.php?rest_route=%2Fwp%2Fv2%2Fmedia&parent=9415"}],"curies":[{"name":"wp","href":"https:\/\/api.w.org\/{rel}","templated":true}]}}