{"id":9395,"date":"2019-01-24T01:04:33","date_gmt":"2019-01-24T01:04:33","guid":{"rendered":"http:\/\/laplumedeloiseaulyre.com\/?page_id=9395"},"modified":"2022-02-25T00:00:27","modified_gmt":"2022-02-25T00:00:27","slug":"abelia-abelia-chinensis","status":"publish","type":"page","link":"http:\/\/laplumedeloiseaulyre.com\/?page_id=9395","title":{"rendered":"AB\u00c9LIA  Abelia chinensis"},"content":{"rendered":"<p>Quitte ton pays natal, aimable Ab\u00e9lia,<br \/>C&rsquo;est au solitaire que le monde appartient,<br \/>Au po\u00e8te, au fou, \u00e0 l&rsquo;artiste, au musicien,<br \/>Va sans reculade et ne te retourne pas !\u00a0<\/p>\n\n\n<p><\/p>\n","protected":false},"excerpt":{"rendered":"<p>Quitte ton pays natal, aimable Ab\u00e9lia,C&rsquo;est au solitaire que le monde appartient,Au po\u00e8te, au fou, \u00e0 l&rsquo;artiste, au musicien,Va sans reculade et ne te retourne pas !\u00a0<\/p>\n<p class=\"more-link-p\"><a class=\"more-link\" href=\"http:\/\/laplumedeloiseaulyre.com\/?page_id=9395\">Read more &rarr;<\/a><\/p>\n","protected":false},"author":1,"featured_media":0,"parent":0,"menu_order":0,"comment_status":"closed","ping_status":"closed","template":"","meta":{"spay_email":""},"jetpack_shortlink":"https:\/\/wp.me\/P4lzfC-2rx","_links":{"self":[{"href":"http:\/\/laplumedeloiseaulyre.com\/index.php?rest_route=\/wp\/v2\/pages\/9395"}],"collection":[{"href":"http:\/\/laplumedeloiseaulyre.com\/index.php?rest_route=\/wp\/v2\/pages"}],"about":[{"href":"http:\/\/laplumedeloiseaulyre.com\/index.php?rest_route=\/wp\/v2\/types\/page"}],"author":[{"embeddable":true,"href":"http:\/\/laplumedeloiseaulyre.com\/index.php?rest_route=\/wp\/v2\/users\/1"}],"replies":[{"embeddable":true,"href":"http:\/\/laplumedeloiseaulyre.com\/index.php?rest_route=%2Fwp%2Fv2%2Fcomments&post=9395"}],"version-history":[{"count":5,"href":"http:\/\/laplumedeloiseaulyre.com\/index.php?rest_route=\/wp\/v2\/pages\/9395\/revisions"}],"predecessor-version":[{"id":13633,"href":"http:\/\/laplumedeloiseaulyre.com\/index.php?rest_route=\/wp\/v2\/pages\/9395\/revisions\/13633"}],"wp:attachment":[{"href":"http:\/\/laplumedeloiseaulyre.com\/index.php?rest_route=%2Fwp%2Fv2%2Fmedia&parent=9395"}],"curies":[{"name":"wp","href":"https:\/\/api.w.org\/{rel}","templated":true}]}}