{"id":7701,"date":"2018-03-12T15:18:16","date_gmt":"2018-03-12T15:18:16","guid":{"rendered":"http:\/\/laplumedeloiseaulyre.com\/?page_id=7701"},"modified":"2021-06-27T11:07:07","modified_gmt":"2021-06-27T11:07:07","slug":"cameline-camelina-sativa","status":"publish","type":"page","link":"http:\/\/laplumedeloiseaulyre.com\/?page_id=7701","title":{"rendered":"CAMELINE Camelina sativa"},"content":{"rendered":"<p>Montons en haut de l&rsquo;\u00e9chelle de silicules<br \/>Form\u00e9e par la tige valv\u00e9e de Cameline,<br \/>Barreau majuscule apr\u00e8s barreau minuscule,<br \/>Pour atteindre l&rsquo;apog\u00e9e de son ol\u00e9ine.\u00a0<\/p>\n\n\n<p><\/p>\n","protected":false},"excerpt":{"rendered":"<p>Montons en haut de l&rsquo;\u00e9chelle de siliculesForm\u00e9e par la tige valv\u00e9e de Cameline,Barreau majuscule apr\u00e8s barreau minuscule,Pour atteindre l&rsquo;apog\u00e9e de son ol\u00e9ine.\u00a0<\/p>\n<p class=\"more-link-p\"><a class=\"more-link\" href=\"http:\/\/laplumedeloiseaulyre.com\/?page_id=7701\">Read more &rarr;<\/a><\/p>\n","protected":false},"author":1,"featured_media":0,"parent":0,"menu_order":0,"comment_status":"closed","ping_status":"closed","template":"","meta":{"spay_email":""},"jetpack_shortlink":"https:\/\/wp.me\/P4lzfC-20d","_links":{"self":[{"href":"http:\/\/laplumedeloiseaulyre.com\/index.php?rest_route=\/wp\/v2\/pages\/7701"}],"collection":[{"href":"http:\/\/laplumedeloiseaulyre.com\/index.php?rest_route=\/wp\/v2\/pages"}],"about":[{"href":"http:\/\/laplumedeloiseaulyre.com\/index.php?rest_route=\/wp\/v2\/types\/page"}],"author":[{"embeddable":true,"href":"http:\/\/laplumedeloiseaulyre.com\/index.php?rest_route=\/wp\/v2\/users\/1"}],"replies":[{"embeddable":true,"href":"http:\/\/laplumedeloiseaulyre.com\/index.php?rest_route=%2Fwp%2Fv2%2Fcomments&post=7701"}],"version-history":[{"count":3,"href":"http:\/\/laplumedeloiseaulyre.com\/index.php?rest_route=\/wp\/v2\/pages\/7701\/revisions"}],"predecessor-version":[{"id":12346,"href":"http:\/\/laplumedeloiseaulyre.com\/index.php?rest_route=\/wp\/v2\/pages\/7701\/revisions\/12346"}],"wp:attachment":[{"href":"http:\/\/laplumedeloiseaulyre.com\/index.php?rest_route=%2Fwp%2Fv2%2Fmedia&parent=7701"}],"curies":[{"name":"wp","href":"https:\/\/api.w.org\/{rel}","templated":true}]}}