{"id":7551,"date":"2018-03-03T11:27:36","date_gmt":"2018-03-03T11:27:36","guid":{"rendered":"http:\/\/laplumedeloiseaulyre.com\/?page_id=7551"},"modified":"2021-07-01T21:06:56","modified_gmt":"2021-07-01T21:06:56","slug":"sedum-sedum-spectabile","status":"publish","type":"page","link":"http:\/\/laplumedeloiseaulyre.com\/?page_id=7551","title":{"rendered":"S\u00c9DUM Hylotelephium spectabile  \u00a0"},"content":{"rendered":"<p>Connais-tu ce val \u00e0 la mode monotone<br \/>\nO\u00f9 tout se d\u00e9mode et meurt \u00e0 chaque printemps<br \/>\nSauf le spectacle des S\u00e9dums tourbillonnants<br \/>\nQui durent, dithyrambiques, jusqu\u2019\u00e0 l\u2019automne&nbsp;?<\/p>\n","protected":false},"excerpt":{"rendered":"<p>Connais-tu ce val \u00e0 la mode monotone O\u00f9 tout se d\u00e9mode et meurt \u00e0 chaque printemps Sauf le spectacle des S\u00e9dums tourbillonnants Qui durent, dithyrambiques, jusqu\u2019\u00e0 l\u2019automne&nbsp;?<\/p>\n<p class=\"more-link-p\"><a class=\"more-link\" href=\"http:\/\/laplumedeloiseaulyre.com\/?page_id=7551\">Read more &rarr;<\/a><\/p>\n","protected":false},"author":1,"featured_media":0,"parent":0,"menu_order":0,"comment_status":"closed","ping_status":"closed","template":"","meta":{"spay_email":""},"jetpack_shortlink":"https:\/\/wp.me\/P4lzfC-1XN","_links":{"self":[{"href":"http:\/\/laplumedeloiseaulyre.com\/index.php?rest_route=\/wp\/v2\/pages\/7551"}],"collection":[{"href":"http:\/\/laplumedeloiseaulyre.com\/index.php?rest_route=\/wp\/v2\/pages"}],"about":[{"href":"http:\/\/laplumedeloiseaulyre.com\/index.php?rest_route=\/wp\/v2\/types\/page"}],"author":[{"embeddable":true,"href":"http:\/\/laplumedeloiseaulyre.com\/index.php?rest_route=\/wp\/v2\/users\/1"}],"replies":[{"embeddable":true,"href":"http:\/\/laplumedeloiseaulyre.com\/index.php?rest_route=%2Fwp%2Fv2%2Fcomments&post=7551"}],"version-history":[{"count":2,"href":"http:\/\/laplumedeloiseaulyre.com\/index.php?rest_route=\/wp\/v2\/pages\/7551\/revisions"}],"predecessor-version":[{"id":12487,"href":"http:\/\/laplumedeloiseaulyre.com\/index.php?rest_route=\/wp\/v2\/pages\/7551\/revisions\/12487"}],"wp:attachment":[{"href":"http:\/\/laplumedeloiseaulyre.com\/index.php?rest_route=%2Fwp%2Fv2%2Fmedia&parent=7551"}],"curies":[{"name":"wp","href":"https:\/\/api.w.org\/{rel}","templated":true}]}}