{"id":7528,"date":"2018-03-03T10:30:03","date_gmt":"2018-03-03T10:30:03","guid":{"rendered":"http:\/\/laplumedeloiseaulyre.com\/?page_id=7528"},"modified":"2022-02-25T01:37:11","modified_gmt":"2022-02-25T01:37:11","slug":"sarrasin-fagopyrum-esculentum","status":"publish","type":"page","link":"http:\/\/laplumedeloiseaulyre.com\/?page_id=7528","title":{"rendered":"SARRASIN Fagopyrum esculentum"},"content":{"rendered":"<p>Le teint basan\u00e9, la t\u00eate triangulaire,<br \/>\nSarrasin fait des galettes pour la Bretagne,<br \/>\nBl\u00e9 de Turquie, carabin sans gluten ni hargne,<br \/>\nFroment noir que l&rsquo;on roule en cr\u00eapes populaires.<\/p>\n","protected":false},"excerpt":{"rendered":"<p>Le teint basan\u00e9, la t\u00eate triangulaire, Sarrasin fait des galettes pour la Bretagne, Bl\u00e9 de Turquie, carabin sans gluten ni hargne, Froment noir que l&rsquo;on roule en cr\u00eapes populaires.<\/p>\n<p class=\"more-link-p\"><a class=\"more-link\" href=\"http:\/\/laplumedeloiseaulyre.com\/?page_id=7528\">Read more &rarr;<\/a><\/p>\n","protected":false},"author":1,"featured_media":0,"parent":0,"menu_order":0,"comment_status":"closed","ping_status":"closed","template":"","meta":{"spay_email":""},"jetpack_shortlink":"https:\/\/wp.me\/P4lzfC-1Xq","_links":{"self":[{"href":"http:\/\/laplumedeloiseaulyre.com\/index.php?rest_route=\/wp\/v2\/pages\/7528"}],"collection":[{"href":"http:\/\/laplumedeloiseaulyre.com\/index.php?rest_route=\/wp\/v2\/pages"}],"about":[{"href":"http:\/\/laplumedeloiseaulyre.com\/index.php?rest_route=\/wp\/v2\/types\/page"}],"author":[{"embeddable":true,"href":"http:\/\/laplumedeloiseaulyre.com\/index.php?rest_route=\/wp\/v2\/users\/1"}],"replies":[{"embeddable":true,"href":"http:\/\/laplumedeloiseaulyre.com\/index.php?rest_route=%2Fwp%2Fv2%2Fcomments&post=7528"}],"version-history":[{"count":3,"href":"http:\/\/laplumedeloiseaulyre.com\/index.php?rest_route=\/wp\/v2\/pages\/7528\/revisions"}],"predecessor-version":[{"id":13729,"href":"http:\/\/laplumedeloiseaulyre.com\/index.php?rest_route=\/wp\/v2\/pages\/7528\/revisions\/13729"}],"wp:attachment":[{"href":"http:\/\/laplumedeloiseaulyre.com\/index.php?rest_route=%2Fwp%2Fv2%2Fmedia&parent=7528"}],"curies":[{"name":"wp","href":"https:\/\/api.w.org\/{rel}","templated":true}]}}