{"id":7508,"date":"2018-03-03T00:14:19","date_gmt":"2018-03-03T00:14:19","guid":{"rendered":"http:\/\/laplumedeloiseaulyre.com\/?page_id=7508"},"modified":"2018-03-03T00:14:19","modified_gmt":"2018-03-03T00:14:19","slug":"volubilis-ipomoea-purpurea","status":"publish","type":"page","link":"http:\/\/laplumedeloiseaulyre.com\/?page_id=7508","title":{"rendered":"VOLUBILIS Ipomoea purpurea"},"content":{"rendered":"<p>Viens, ma charmante folle qui d\u00e9vale<br \/>\nPieds-nus l\u2019escalier marbr\u00e9 de touffeur,<br \/>\nCoiff\u00e9e de Volubilis, belle en fleur,<br \/>\n\u00d4 toi, mon oiseau-lyre insaisissable !<\/p>\n","protected":false},"excerpt":{"rendered":"<p>Viens, ma charmante folle qui d\u00e9vale Pieds-nus l\u2019escalier marbr\u00e9 de touffeur, Coiff\u00e9e de Volubilis, belle en fleur, \u00d4 toi, mon oiseau-lyre insaisissable !<\/p>\n<p class=\"more-link-p\"><a class=\"more-link\" href=\"http:\/\/laplumedeloiseaulyre.com\/?page_id=7508\">Read more &rarr;<\/a><\/p>\n","protected":false},"author":1,"featured_media":0,"parent":0,"menu_order":0,"comment_status":"closed","ping_status":"closed","template":"","meta":{"spay_email":""},"jetpack_shortlink":"https:\/\/wp.me\/P4lzfC-1X6","_links":{"self":[{"href":"http:\/\/laplumedeloiseaulyre.com\/index.php?rest_route=\/wp\/v2\/pages\/7508"}],"collection":[{"href":"http:\/\/laplumedeloiseaulyre.com\/index.php?rest_route=\/wp\/v2\/pages"}],"about":[{"href":"http:\/\/laplumedeloiseaulyre.com\/index.php?rest_route=\/wp\/v2\/types\/page"}],"author":[{"embeddable":true,"href":"http:\/\/laplumedeloiseaulyre.com\/index.php?rest_route=\/wp\/v2\/users\/1"}],"replies":[{"embeddable":true,"href":"http:\/\/laplumedeloiseaulyre.com\/index.php?rest_route=%2Fwp%2Fv2%2Fcomments&post=7508"}],"version-history":[{"count":1,"href":"http:\/\/laplumedeloiseaulyre.com\/index.php?rest_route=\/wp\/v2\/pages\/7508\/revisions"}],"predecessor-version":[{"id":7509,"href":"http:\/\/laplumedeloiseaulyre.com\/index.php?rest_route=\/wp\/v2\/pages\/7508\/revisions\/7509"}],"wp:attachment":[{"href":"http:\/\/laplumedeloiseaulyre.com\/index.php?rest_route=%2Fwp%2Fv2%2Fmedia&parent=7508"}],"curies":[{"name":"wp","href":"https:\/\/api.w.org\/{rel}","templated":true}]}}