{"id":7506,"date":"2018-03-03T00:13:14","date_gmt":"2018-03-03T00:13:14","guid":{"rendered":"http:\/\/laplumedeloiseaulyre.com\/?page_id=7506"},"modified":"2022-01-30T22:26:39","modified_gmt":"2022-01-30T22:26:39","slug":"vulpin-alopecurus-pratensis","status":"publish","type":"page","link":"http:\/\/laplumedeloiseaulyre.com\/?page_id=7506","title":{"rendered":"VULPIN Alopecurus pratensis"},"content":{"rendered":"<p>Il faut te tuer sans fin Vulpin d\u00e9sastreux,<br \/>\nAvant que tu ne tues nos champs comme chasseur<br \/>\nQui guette une proie candide \u00e9lue par ses feux :<br \/>\nVa-t&rsquo;en bien loin, faux-bl\u00e9 sem\u00e9 par des menteurs !<\/p>\n","protected":false},"excerpt":{"rendered":"<p>Il faut te tuer sans fin Vulpin d\u00e9sastreux, Avant que tu ne tues nos champs comme chasseur Qui guette une proie candide \u00e9lue par ses feux : Va-t&rsquo;en bien loin, faux-bl\u00e9 sem\u00e9 par des menteurs !<\/p>\n<p class=\"more-link-p\"><a class=\"more-link\" href=\"http:\/\/laplumedeloiseaulyre.com\/?page_id=7506\">Read more &rarr;<\/a><\/p>\n","protected":false},"author":1,"featured_media":0,"parent":0,"menu_order":0,"comment_status":"closed","ping_status":"closed","template":"","meta":{"spay_email":""},"jetpack_shortlink":"https:\/\/wp.me\/P4lzfC-1X4","_links":{"self":[{"href":"http:\/\/laplumedeloiseaulyre.com\/index.php?rest_route=\/wp\/v2\/pages\/7506"}],"collection":[{"href":"http:\/\/laplumedeloiseaulyre.com\/index.php?rest_route=\/wp\/v2\/pages"}],"about":[{"href":"http:\/\/laplumedeloiseaulyre.com\/index.php?rest_route=\/wp\/v2\/types\/page"}],"author":[{"embeddable":true,"href":"http:\/\/laplumedeloiseaulyre.com\/index.php?rest_route=\/wp\/v2\/users\/1"}],"replies":[{"embeddable":true,"href":"http:\/\/laplumedeloiseaulyre.com\/index.php?rest_route=%2Fwp%2Fv2%2Fcomments&post=7506"}],"version-history":[{"count":2,"href":"http:\/\/laplumedeloiseaulyre.com\/index.php?rest_route=\/wp\/v2\/pages\/7506\/revisions"}],"predecessor-version":[{"id":13484,"href":"http:\/\/laplumedeloiseaulyre.com\/index.php?rest_route=\/wp\/v2\/pages\/7506\/revisions\/13484"}],"wp:attachment":[{"href":"http:\/\/laplumedeloiseaulyre.com\/index.php?rest_route=%2Fwp%2Fv2%2Fmedia&parent=7506"}],"curies":[{"name":"wp","href":"https:\/\/api.w.org\/{rel}","templated":true}]}}