{"id":7451,"date":"2018-03-02T23:27:26","date_gmt":"2018-03-02T23:27:26","guid":{"rendered":"http:\/\/laplumedeloiseaulyre.com\/?page_id=7451"},"modified":"2022-01-30T23:32:32","modified_gmt":"2022-01-30T23:32:32","slug":"rosier-de-banks-rosa-banksiae","status":"publish","type":"page","link":"http:\/\/laplumedeloiseaulyre.com\/?page_id=7451","title":{"rendered":"ROSIER DE BANKS Rosa banksiae"},"content":{"rendered":"<p>Jeunes s\u0153urs tressez-vous des couronnes de fleurs,<br \/>\nNattez-vous de Rosiers de Banks comme diad\u00e8mes !<br \/>\nLeurs grandes hampes sont pour parer vos fra\u00eecheurs,<br \/>\nPompons ch\u00e9rubins qui disent tous : \u00ab Je vous aime ! \u00bb<\/p>\n","protected":false},"excerpt":{"rendered":"<p>Jeunes s\u0153urs tressez-vous des couronnes de fleurs, Nattez-vous de Rosiers de Banks comme diad\u00e8mes ! Leurs grandes hampes sont pour parer vos fra\u00eecheurs, Pompons ch\u00e9rubins qui disent tous : \u00ab Je vous aime ! \u00bb<\/p>\n<p class=\"more-link-p\"><a class=\"more-link\" href=\"http:\/\/laplumedeloiseaulyre.com\/?page_id=7451\">Read more &rarr;<\/a><\/p>\n","protected":false},"author":1,"featured_media":0,"parent":0,"menu_order":0,"comment_status":"closed","ping_status":"closed","template":"","meta":{"spay_email":""},"jetpack_shortlink":"https:\/\/wp.me\/P4lzfC-1Wb","_links":{"self":[{"href":"http:\/\/laplumedeloiseaulyre.com\/index.php?rest_route=\/wp\/v2\/pages\/7451"}],"collection":[{"href":"http:\/\/laplumedeloiseaulyre.com\/index.php?rest_route=\/wp\/v2\/pages"}],"about":[{"href":"http:\/\/laplumedeloiseaulyre.com\/index.php?rest_route=\/wp\/v2\/types\/page"}],"author":[{"embeddable":true,"href":"http:\/\/laplumedeloiseaulyre.com\/index.php?rest_route=\/wp\/v2\/users\/1"}],"replies":[{"embeddable":true,"href":"http:\/\/laplumedeloiseaulyre.com\/index.php?rest_route=%2Fwp%2Fv2%2Fcomments&post=7451"}],"version-history":[{"count":2,"href":"http:\/\/laplumedeloiseaulyre.com\/index.php?rest_route=\/wp\/v2\/pages\/7451\/revisions"}],"predecessor-version":[{"id":13518,"href":"http:\/\/laplumedeloiseaulyre.com\/index.php?rest_route=\/wp\/v2\/pages\/7451\/revisions\/13518"}],"wp:attachment":[{"href":"http:\/\/laplumedeloiseaulyre.com\/index.php?rest_route=%2Fwp%2Fv2%2Fmedia&parent=7451"}],"curies":[{"name":"wp","href":"https:\/\/api.w.org\/{rel}","templated":true}]}}