{"id":7445,"date":"2018-03-02T23:24:35","date_gmt":"2018-03-02T23:24:35","guid":{"rendered":"http:\/\/laplumedeloiseaulyre.com\/?page_id=7445"},"modified":"2021-07-04T23:18:56","modified_gmt":"2021-07-04T23:18:56","slug":"rose-the-rosa-chinensis-william-morris","status":"publish","type":"page","link":"http:\/\/laplumedeloiseaulyre.com\/?page_id=7445","title":{"rendered":"ROSE-TH\u00c9 Rosa chinensis &lsquo;William Morris&rsquo;"},"content":{"rendered":"<p>Mon enfant, ma s\u0153ur, reviens \u00e0 la Rose-Th\u00e9,<br \/>\nSa tasse et sa soucoupe fr\u00e9missent de sens,<br \/>\nFillette musicienne aupr\u00e8s de qui l\u2019on pense,<br \/>\nRonsardise que l\u2019on boit jusqu\u2019\u00e0 sati\u00e9t\u00e9.<\/p>\n<p><span style=\"color: #339966;\"><strong>(English) TEA ROSE <em>Rosa chinensis \u2018William Morris\u2019<\/em><\/strong><\/span><\/p>\n<p><span style=\"color: #339966;\">Child, sister, the Tea Rose awaits again<\/span><br \/>\n<span style=\"color: #339966;\"> Cup, saucer trembling like a flower.<\/span><br \/>\n<span style=\"color: #339966;\"> We think of Ronsard&rsquo;s mignonne<\/span><br \/>\n<span style=\"color: #339966;\"> And drink poetry to our fill.<\/span><\/p>\n<p><span style=\"color: #339966;\">\u00a9traduction David Lowe<\/span><\/p>\n","protected":false},"excerpt":{"rendered":"<p>Mon enfant, ma s\u0153ur, reviens \u00e0 la Rose-Th\u00e9, Sa tasse et sa soucoupe fr\u00e9missent de sens, Fillette musicienne aupr\u00e8s de qui l\u2019on pense, Ronsardise que l\u2019on boit jusqu\u2019\u00e0 sati\u00e9t\u00e9. (English) TEA ROSE Rosa chinensis \u2018William Morris\u2019 Child, sister, the Tea&hellip;<\/p>\n<p class=\"more-link-p\"><a class=\"more-link\" href=\"http:\/\/laplumedeloiseaulyre.com\/?page_id=7445\">Read more &rarr;<\/a><\/p>\n","protected":false},"author":1,"featured_media":0,"parent":0,"menu_order":0,"comment_status":"closed","ping_status":"closed","template":"","meta":{"spay_email":""},"jetpack_shortlink":"https:\/\/wp.me\/P4lzfC-1W5","_links":{"self":[{"href":"http:\/\/laplumedeloiseaulyre.com\/index.php?rest_route=\/wp\/v2\/pages\/7445"}],"collection":[{"href":"http:\/\/laplumedeloiseaulyre.com\/index.php?rest_route=\/wp\/v2\/pages"}],"about":[{"href":"http:\/\/laplumedeloiseaulyre.com\/index.php?rest_route=\/wp\/v2\/types\/page"}],"author":[{"embeddable":true,"href":"http:\/\/laplumedeloiseaulyre.com\/index.php?rest_route=\/wp\/v2\/users\/1"}],"replies":[{"embeddable":true,"href":"http:\/\/laplumedeloiseaulyre.com\/index.php?rest_route=%2Fwp%2Fv2%2Fcomments&post=7445"}],"version-history":[{"count":5,"href":"http:\/\/laplumedeloiseaulyre.com\/index.php?rest_route=\/wp\/v2\/pages\/7445\/revisions"}],"predecessor-version":[{"id":12521,"href":"http:\/\/laplumedeloiseaulyre.com\/index.php?rest_route=\/wp\/v2\/pages\/7445\/revisions\/12521"}],"wp:attachment":[{"href":"http:\/\/laplumedeloiseaulyre.com\/index.php?rest_route=%2Fwp%2Fv2%2Fmedia&parent=7445"}],"curies":[{"name":"wp","href":"https:\/\/api.w.org\/{rel}","templated":true}]}}