{"id":7441,"date":"2018-03-02T23:21:43","date_gmt":"2018-03-02T23:21:43","guid":{"rendered":"http:\/\/laplumedeloiseaulyre.com\/?page_id=7441"},"modified":"2021-07-25T14:29:26","modified_gmt":"2021-07-25T14:29:26","slug":"rose-rouge-rosa-indica-subviolacea","status":"publish","type":"page","link":"http:\/\/laplumedeloiseaulyre.com\/?page_id=7441","title":{"rendered":"ROSE ROUGE Rosa chinensis"},"content":{"rendered":"<p>J&rsquo;ai coup\u00e9 trois Roses rouges en ton honneur :<br \/>\nUne joyeuse remplie d&rsquo;un parfum de muse,<br \/>\nUne perplexe ayant le regard questionneur,<br \/>\nUne tr\u00e8s jalouse p\u00e9trifi\u00e9e par M\u00e9duse.<\/p>\n","protected":false},"excerpt":{"rendered":"<p>J&rsquo;ai coup\u00e9 trois Roses rouges en ton honneur : Une joyeuse remplie d&rsquo;un parfum de muse, Une perplexe ayant le regard questionneur, Une tr\u00e8s jalouse p\u00e9trifi\u00e9e par M\u00e9duse.<\/p>\n<p class=\"more-link-p\"><a class=\"more-link\" href=\"http:\/\/laplumedeloiseaulyre.com\/?page_id=7441\">Read more &rarr;<\/a><\/p>\n","protected":false},"author":1,"featured_media":0,"parent":0,"menu_order":0,"comment_status":"closed","ping_status":"closed","template":"","meta":{"spay_email":""},"jetpack_shortlink":"https:\/\/wp.me\/P4lzfC-1W1","_links":{"self":[{"href":"http:\/\/laplumedeloiseaulyre.com\/index.php?rest_route=\/wp\/v2\/pages\/7441"}],"collection":[{"href":"http:\/\/laplumedeloiseaulyre.com\/index.php?rest_route=\/wp\/v2\/pages"}],"about":[{"href":"http:\/\/laplumedeloiseaulyre.com\/index.php?rest_route=\/wp\/v2\/types\/page"}],"author":[{"embeddable":true,"href":"http:\/\/laplumedeloiseaulyre.com\/index.php?rest_route=\/wp\/v2\/users\/1"}],"replies":[{"embeddable":true,"href":"http:\/\/laplumedeloiseaulyre.com\/index.php?rest_route=%2Fwp%2Fv2%2Fcomments&post=7441"}],"version-history":[{"count":3,"href":"http:\/\/laplumedeloiseaulyre.com\/index.php?rest_route=\/wp\/v2\/pages\/7441\/revisions"}],"predecessor-version":[{"id":12632,"href":"http:\/\/laplumedeloiseaulyre.com\/index.php?rest_route=\/wp\/v2\/pages\/7441\/revisions\/12632"}],"wp:attachment":[{"href":"http:\/\/laplumedeloiseaulyre.com\/index.php?rest_route=%2Fwp%2Fv2%2Fmedia&parent=7441"}],"curies":[{"name":"wp","href":"https:\/\/api.w.org\/{rel}","templated":true}]}}