{"id":7422,"date":"2018-03-02T23:09:43","date_gmt":"2018-03-02T23:09:43","guid":{"rendered":"http:\/\/laplumedeloiseaulyre.com\/?page_id=7422"},"modified":"2018-03-02T23:09:43","modified_gmt":"2018-03-02T23:09:43","slug":"rhododendron-rhododendron-ponticum","status":"publish","type":"page","link":"http:\/\/laplumedeloiseaulyre.com\/?page_id=7422","title":{"rendered":"RHODODENDRON Rhododendron ponticum"},"content":{"rendered":"<p>Aussit\u00f4t que nos v\u0153ux devinrent s\u00e8ve<br \/>\nLe vent du n\u00e9ant en fit la moisson,<br \/>\nCollecteur des embryons de nos r\u00eaves<br \/>\nIl ne fit na\u00eetre les Rhododendrons.<\/p>\n","protected":false},"excerpt":{"rendered":"<p>Aussit\u00f4t que nos v\u0153ux devinrent s\u00e8ve Le vent du n\u00e9ant en fit la moisson, Collecteur des embryons de nos r\u00eaves Il ne fit na\u00eetre les Rhododendrons.<\/p>\n<p class=\"more-link-p\"><a class=\"more-link\" href=\"http:\/\/laplumedeloiseaulyre.com\/?page_id=7422\">Read more &rarr;<\/a><\/p>\n","protected":false},"author":1,"featured_media":0,"parent":0,"menu_order":0,"comment_status":"closed","ping_status":"closed","template":"","meta":{"spay_email":""},"jetpack_shortlink":"https:\/\/wp.me\/P4lzfC-1VI","_links":{"self":[{"href":"http:\/\/laplumedeloiseaulyre.com\/index.php?rest_route=\/wp\/v2\/pages\/7422"}],"collection":[{"href":"http:\/\/laplumedeloiseaulyre.com\/index.php?rest_route=\/wp\/v2\/pages"}],"about":[{"href":"http:\/\/laplumedeloiseaulyre.com\/index.php?rest_route=\/wp\/v2\/types\/page"}],"author":[{"embeddable":true,"href":"http:\/\/laplumedeloiseaulyre.com\/index.php?rest_route=\/wp\/v2\/users\/1"}],"replies":[{"embeddable":true,"href":"http:\/\/laplumedeloiseaulyre.com\/index.php?rest_route=%2Fwp%2Fv2%2Fcomments&post=7422"}],"version-history":[{"count":1,"href":"http:\/\/laplumedeloiseaulyre.com\/index.php?rest_route=\/wp\/v2\/pages\/7422\/revisions"}],"predecessor-version":[{"id":7423,"href":"http:\/\/laplumedeloiseaulyre.com\/index.php?rest_route=\/wp\/v2\/pages\/7422\/revisions\/7423"}],"wp:attachment":[{"href":"http:\/\/laplumedeloiseaulyre.com\/index.php?rest_route=%2Fwp%2Fv2%2Fmedia&parent=7422"}],"curies":[{"name":"wp","href":"https:\/\/api.w.org\/{rel}","templated":true}]}}