{"id":7416,"date":"2018-03-02T23:07:25","date_gmt":"2018-03-02T23:07:25","guid":{"rendered":"http:\/\/laplumedeloiseaulyre.com\/?page_id=7416"},"modified":"2018-03-02T23:07:25","modified_gmt":"2018-03-02T23:07:25","slug":"renouee-des-oiseaux-polygonum-aviculare","status":"publish","type":"page","link":"http:\/\/laplumedeloiseaulyre.com\/?page_id=7416","title":{"rendered":"RENOU\u00c9E DES OISEAUX Polygonum aviculare"},"content":{"rendered":"<p>Mon \u0153il \u00e0 l&rsquo;aiguille de l&rsquo;horloge se pend<br \/>\nCherchant la Renou\u00e9e de ta pr\u00e9sence,<br \/>\nIl est minuit mais maudit soit le temps<br \/>\nQui nous s\u00e9pare et nous ram\u00e8ne en dure absence.<\/p>\n","protected":false},"excerpt":{"rendered":"<p>Mon \u0153il \u00e0 l&rsquo;aiguille de l&rsquo;horloge se pend Cherchant la Renou\u00e9e de ta pr\u00e9sence, Il est minuit mais maudit soit le temps Qui nous s\u00e9pare et nous ram\u00e8ne en dure absence.<\/p>\n<p class=\"more-link-p\"><a class=\"more-link\" href=\"http:\/\/laplumedeloiseaulyre.com\/?page_id=7416\">Read more &rarr;<\/a><\/p>\n","protected":false},"author":1,"featured_media":0,"parent":0,"menu_order":0,"comment_status":"closed","ping_status":"closed","template":"","meta":{"spay_email":""},"jetpack_shortlink":"https:\/\/wp.me\/P4lzfC-1VC","_links":{"self":[{"href":"http:\/\/laplumedeloiseaulyre.com\/index.php?rest_route=\/wp\/v2\/pages\/7416"}],"collection":[{"href":"http:\/\/laplumedeloiseaulyre.com\/index.php?rest_route=\/wp\/v2\/pages"}],"about":[{"href":"http:\/\/laplumedeloiseaulyre.com\/index.php?rest_route=\/wp\/v2\/types\/page"}],"author":[{"embeddable":true,"href":"http:\/\/laplumedeloiseaulyre.com\/index.php?rest_route=\/wp\/v2\/users\/1"}],"replies":[{"embeddable":true,"href":"http:\/\/laplumedeloiseaulyre.com\/index.php?rest_route=%2Fwp%2Fv2%2Fcomments&post=7416"}],"version-history":[{"count":1,"href":"http:\/\/laplumedeloiseaulyre.com\/index.php?rest_route=\/wp\/v2\/pages\/7416\/revisions"}],"predecessor-version":[{"id":7417,"href":"http:\/\/laplumedeloiseaulyre.com\/index.php?rest_route=\/wp\/v2\/pages\/7416\/revisions\/7417"}],"wp:attachment":[{"href":"http:\/\/laplumedeloiseaulyre.com\/index.php?rest_route=%2Fwp%2Fv2%2Fmedia&parent=7416"}],"curies":[{"name":"wp","href":"https:\/\/api.w.org\/{rel}","templated":true}]}}