{"id":7384,"date":"2018-03-02T17:14:32","date_gmt":"2018-03-02T17:14:32","guid":{"rendered":"http:\/\/laplumedeloiseaulyre.com\/?page_id=7384"},"modified":"2018-03-02T17:14:32","modified_gmt":"2018-03-02T17:14:32","slug":"quamoclit-ipomoea-quamoclit","status":"publish","type":"page","link":"http:\/\/laplumedeloiseaulyre.com\/?page_id=7384","title":{"rendered":"QUAMOCLIT Ipomoea quamoclit"},"content":{"rendered":"<p>Beau Quamoclit, de vous sans le vouloir<br \/>\nJe devais en contrainte me d\u00e9faire<br \/>\nApr\u00e8s avoir en vain li\u00e9 ma chair<br \/>\n\u00c0 vos vrilles dont n&rsquo;ai pu que d\u00e9choir.<\/p>\n","protected":false},"excerpt":{"rendered":"<p>Beau Quamoclit, de vous sans le vouloir Je devais en contrainte me d\u00e9faire Apr\u00e8s avoir en vain li\u00e9 ma chair \u00c0 vos vrilles dont n&rsquo;ai pu que d\u00e9choir.<\/p>\n<p class=\"more-link-p\"><a class=\"more-link\" href=\"http:\/\/laplumedeloiseaulyre.com\/?page_id=7384\">Read more &rarr;<\/a><\/p>\n","protected":false},"author":1,"featured_media":0,"parent":0,"menu_order":0,"comment_status":"closed","ping_status":"closed","template":"","meta":{"spay_email":""},"jetpack_shortlink":"https:\/\/wp.me\/P4lzfC-1V6","_links":{"self":[{"href":"http:\/\/laplumedeloiseaulyre.com\/index.php?rest_route=\/wp\/v2\/pages\/7384"}],"collection":[{"href":"http:\/\/laplumedeloiseaulyre.com\/index.php?rest_route=\/wp\/v2\/pages"}],"about":[{"href":"http:\/\/laplumedeloiseaulyre.com\/index.php?rest_route=\/wp\/v2\/types\/page"}],"author":[{"embeddable":true,"href":"http:\/\/laplumedeloiseaulyre.com\/index.php?rest_route=\/wp\/v2\/users\/1"}],"replies":[{"embeddable":true,"href":"http:\/\/laplumedeloiseaulyre.com\/index.php?rest_route=%2Fwp%2Fv2%2Fcomments&post=7384"}],"version-history":[{"count":1,"href":"http:\/\/laplumedeloiseaulyre.com\/index.php?rest_route=\/wp\/v2\/pages\/7384\/revisions"}],"predecessor-version":[{"id":7385,"href":"http:\/\/laplumedeloiseaulyre.com\/index.php?rest_route=\/wp\/v2\/pages\/7384\/revisions\/7385"}],"wp:attachment":[{"href":"http:\/\/laplumedeloiseaulyre.com\/index.php?rest_route=%2Fwp%2Fv2%2Fmedia&parent=7384"}],"curies":[{"name":"wp","href":"https:\/\/api.w.org\/{rel}","templated":true}]}}