{"id":7365,"date":"2018-03-02T17:05:54","date_gmt":"2018-03-02T17:05:54","guid":{"rendered":"http:\/\/laplumedeloiseaulyre.com\/?page_id=7365"},"modified":"2022-02-25T01:15:05","modified_gmt":"2022-02-25T01:15:05","slug":"potiron-cucurbita-maxima","status":"publish","type":"page","link":"http:\/\/laplumedeloiseaulyre.com\/?page_id=7365","title":{"rendered":"POTIRON Cucurbita maxima"},"content":{"rendered":"<p>Courge polymorphe tortur\u00e9e de stigmates<br \/>\nLe faix du Potiron d\u00e9r\u00e8gle les balances<br \/>\nAu fur et \u00e0 mesure qu\u2019Halloween le t\u00e2te,<br \/>\nCreusant ses pupilles orang\u00e9es de carence.<\/p>\n","protected":false},"excerpt":{"rendered":"<p>Courge polymorphe tortur\u00e9e de stigmates Le faix du Potiron d\u00e9r\u00e8gle les balances Au fur et \u00e0 mesure qu\u2019Halloween le t\u00e2te, Creusant ses pupilles orang\u00e9es de carence.<\/p>\n<p class=\"more-link-p\"><a class=\"more-link\" href=\"http:\/\/laplumedeloiseaulyre.com\/?page_id=7365\">Read more &rarr;<\/a><\/p>\n","protected":false},"author":1,"featured_media":0,"parent":0,"menu_order":0,"comment_status":"closed","ping_status":"closed","template":"","meta":{"spay_email":""},"jetpack_shortlink":"https:\/\/wp.me\/P4lzfC-1UN","_links":{"self":[{"href":"http:\/\/laplumedeloiseaulyre.com\/index.php?rest_route=\/wp\/v2\/pages\/7365"}],"collection":[{"href":"http:\/\/laplumedeloiseaulyre.com\/index.php?rest_route=\/wp\/v2\/pages"}],"about":[{"href":"http:\/\/laplumedeloiseaulyre.com\/index.php?rest_route=\/wp\/v2\/types\/page"}],"author":[{"embeddable":true,"href":"http:\/\/laplumedeloiseaulyre.com\/index.php?rest_route=\/wp\/v2\/users\/1"}],"replies":[{"embeddable":true,"href":"http:\/\/laplumedeloiseaulyre.com\/index.php?rest_route=%2Fwp%2Fv2%2Fcomments&post=7365"}],"version-history":[{"count":2,"href":"http:\/\/laplumedeloiseaulyre.com\/index.php?rest_route=\/wp\/v2\/pages\/7365\/revisions"}],"predecessor-version":[{"id":13710,"href":"http:\/\/laplumedeloiseaulyre.com\/index.php?rest_route=\/wp\/v2\/pages\/7365\/revisions\/13710"}],"wp:attachment":[{"href":"http:\/\/laplumedeloiseaulyre.com\/index.php?rest_route=%2Fwp%2Fv2%2Fmedia&parent=7365"}],"curies":[{"name":"wp","href":"https:\/\/api.w.org\/{rel}","templated":true}]}}