{"id":7344,"date":"2018-03-02T16:38:04","date_gmt":"2018-03-02T16:38:04","guid":{"rendered":"http:\/\/laplumedeloiseaulyre.com\/?page_id=7344"},"modified":"2018-03-02T16:38:04","modified_gmt":"2018-03-02T16:38:04","slug":"poirier-pyrus-communis","status":"publish","type":"page","link":"http:\/\/laplumedeloiseaulyre.com\/?page_id=7344","title":{"rendered":"POIRIER Pyrus communis"},"content":{"rendered":"<p>Mon esprit t&rsquo;a con\u00e7u en espalier<br \/>\nBeau Poirier souverain des comices,<br \/>\nQui gagne en grandeur quand il est taill\u00e9<br \/>\nComme l&rsquo;\u00e2me contrainte en d\u00e9lices.<\/p>\n","protected":false},"excerpt":{"rendered":"<p>Mon esprit t&rsquo;a con\u00e7u en espalier Beau Poirier souverain des comices, Qui gagne en grandeur quand il est taill\u00e9 Comme l&rsquo;\u00e2me contrainte en d\u00e9lices.<\/p>\n<p class=\"more-link-p\"><a class=\"more-link\" href=\"http:\/\/laplumedeloiseaulyre.com\/?page_id=7344\">Read more &rarr;<\/a><\/p>\n","protected":false},"author":1,"featured_media":0,"parent":0,"menu_order":0,"comment_status":"closed","ping_status":"closed","template":"","meta":{"spay_email":""},"jetpack_shortlink":"https:\/\/wp.me\/P4lzfC-1Us","_links":{"self":[{"href":"http:\/\/laplumedeloiseaulyre.com\/index.php?rest_route=\/wp\/v2\/pages\/7344"}],"collection":[{"href":"http:\/\/laplumedeloiseaulyre.com\/index.php?rest_route=\/wp\/v2\/pages"}],"about":[{"href":"http:\/\/laplumedeloiseaulyre.com\/index.php?rest_route=\/wp\/v2\/types\/page"}],"author":[{"embeddable":true,"href":"http:\/\/laplumedeloiseaulyre.com\/index.php?rest_route=\/wp\/v2\/users\/1"}],"replies":[{"embeddable":true,"href":"http:\/\/laplumedeloiseaulyre.com\/index.php?rest_route=%2Fwp%2Fv2%2Fcomments&post=7344"}],"version-history":[{"count":1,"href":"http:\/\/laplumedeloiseaulyre.com\/index.php?rest_route=\/wp\/v2\/pages\/7344\/revisions"}],"predecessor-version":[{"id":7345,"href":"http:\/\/laplumedeloiseaulyre.com\/index.php?rest_route=\/wp\/v2\/pages\/7344\/revisions\/7345"}],"wp:attachment":[{"href":"http:\/\/laplumedeloiseaulyre.com\/index.php?rest_route=%2Fwp%2Fv2%2Fmedia&parent=7344"}],"curies":[{"name":"wp","href":"https:\/\/api.w.org\/{rel}","templated":true}]}}