{"id":7310,"date":"2018-03-02T11:43:54","date_gmt":"2018-03-02T11:43:54","guid":{"rendered":"http:\/\/laplumedeloiseaulyre.com\/?page_id=7310"},"modified":"2022-03-17T16:03:33","modified_gmt":"2022-03-17T16:03:33","slug":"piment-capsicum","status":"publish","type":"page","link":"http:\/\/laplumedeloiseaulyre.com\/?page_id=7310","title":{"rendered":"PIMENT Capsicum frutescens"},"content":{"rendered":"<p>Divin Piment, les exc\u00e8s de ta tige,<br \/>\n\u00c9gaux \u00e0 ceux du derviche-tourneur,<br \/>\nEmpreignent la langue d\u2019un feu vertige,<br \/>\nComme on vacille, on tangue en tes ardeurs !<\/p>\n","protected":false},"excerpt":{"rendered":"<p>Divin Piment, les exc\u00e8s de ta tige, \u00c9gaux \u00e0 ceux du derviche-tourneur, Empreignent la langue d\u2019un feu vertige, Comme on vacille, on tangue en tes ardeurs !<\/p>\n<p class=\"more-link-p\"><a class=\"more-link\" href=\"http:\/\/laplumedeloiseaulyre.com\/?page_id=7310\">Read more &rarr;<\/a><\/p>\n","protected":false},"author":1,"featured_media":0,"parent":0,"menu_order":0,"comment_status":"closed","ping_status":"closed","template":"","meta":{"spay_email":""},"jetpack_shortlink":"https:\/\/wp.me\/P4lzfC-1TU","_links":{"self":[{"href":"http:\/\/laplumedeloiseaulyre.com\/index.php?rest_route=\/wp\/v2\/pages\/7310"}],"collection":[{"href":"http:\/\/laplumedeloiseaulyre.com\/index.php?rest_route=\/wp\/v2\/pages"}],"about":[{"href":"http:\/\/laplumedeloiseaulyre.com\/index.php?rest_route=\/wp\/v2\/types\/page"}],"author":[{"embeddable":true,"href":"http:\/\/laplumedeloiseaulyre.com\/index.php?rest_route=\/wp\/v2\/users\/1"}],"replies":[{"embeddable":true,"href":"http:\/\/laplumedeloiseaulyre.com\/index.php?rest_route=%2Fwp%2Fv2%2Fcomments&post=7310"}],"version-history":[{"count":2,"href":"http:\/\/laplumedeloiseaulyre.com\/index.php?rest_route=\/wp\/v2\/pages\/7310\/revisions"}],"predecessor-version":[{"id":13786,"href":"http:\/\/laplumedeloiseaulyre.com\/index.php?rest_route=\/wp\/v2\/pages\/7310\/revisions\/13786"}],"wp:attachment":[{"href":"http:\/\/laplumedeloiseaulyre.com\/index.php?rest_route=%2Fwp%2Fv2%2Fmedia&parent=7310"}],"curies":[{"name":"wp","href":"https:\/\/api.w.org\/{rel}","templated":true}]}}