{"id":7302,"date":"2018-03-02T11:41:11","date_gmt":"2018-03-02T11:41:11","guid":{"rendered":"http:\/\/laplumedeloiseaulyre.com\/?page_id=7302"},"modified":"2018-03-02T11:41:11","modified_gmt":"2018-03-02T11:41:11","slug":"pied-dalouette-delphinium-ceratophorum","status":"publish","type":"page","link":"http:\/\/laplumedeloiseaulyre.com\/?page_id=7302","title":{"rendered":"PIED D\u2019ALOUETTE Delphinium ceratophorum"},"content":{"rendered":"<p>Quelqu\u2019un renversa une brouette<br \/>\nDans l\u2019all\u00e9e traversi\u00e8re des sonnets,<br \/>\nAu th\u00e9\u00e2tre de verdure o\u00f9 allaient<br \/>\nMains dans la main deux Pieds d\u2019Alouette.<\/p>\n","protected":false},"excerpt":{"rendered":"<p>Quelqu\u2019un renversa une brouette Dans l\u2019all\u00e9e traversi\u00e8re des sonnets, Au th\u00e9\u00e2tre de verdure o\u00f9 allaient Mains dans la main deux Pieds d\u2019Alouette.<\/p>\n<p class=\"more-link-p\"><a class=\"more-link\" href=\"http:\/\/laplumedeloiseaulyre.com\/?page_id=7302\">Read more &rarr;<\/a><\/p>\n","protected":false},"author":1,"featured_media":0,"parent":0,"menu_order":0,"comment_status":"closed","ping_status":"closed","template":"","meta":{"spay_email":""},"jetpack_shortlink":"https:\/\/wp.me\/P4lzfC-1TM","_links":{"self":[{"href":"http:\/\/laplumedeloiseaulyre.com\/index.php?rest_route=\/wp\/v2\/pages\/7302"}],"collection":[{"href":"http:\/\/laplumedeloiseaulyre.com\/index.php?rest_route=\/wp\/v2\/pages"}],"about":[{"href":"http:\/\/laplumedeloiseaulyre.com\/index.php?rest_route=\/wp\/v2\/types\/page"}],"author":[{"embeddable":true,"href":"http:\/\/laplumedeloiseaulyre.com\/index.php?rest_route=\/wp\/v2\/users\/1"}],"replies":[{"embeddable":true,"href":"http:\/\/laplumedeloiseaulyre.com\/index.php?rest_route=%2Fwp%2Fv2%2Fcomments&post=7302"}],"version-history":[{"count":1,"href":"http:\/\/laplumedeloiseaulyre.com\/index.php?rest_route=\/wp\/v2\/pages\/7302\/revisions"}],"predecessor-version":[{"id":7303,"href":"http:\/\/laplumedeloiseaulyre.com\/index.php?rest_route=\/wp\/v2\/pages\/7302\/revisions\/7303"}],"wp:attachment":[{"href":"http:\/\/laplumedeloiseaulyre.com\/index.php?rest_route=%2Fwp%2Fv2%2Fmedia&parent=7302"}],"curies":[{"name":"wp","href":"https:\/\/api.w.org\/{rel}","templated":true}]}}