{"id":7294,"date":"2018-03-02T11:38:13","date_gmt":"2018-03-02T11:38:13","guid":{"rendered":"http:\/\/laplumedeloiseaulyre.com\/?page_id=7294"},"modified":"2018-03-02T11:38:13","modified_gmt":"2018-03-02T11:38:13","slug":"phlomis-phlomis-fruticosa","status":"publish","type":"page","link":"http:\/\/laplumedeloiseaulyre.com\/?page_id=7294","title":{"rendered":"PHLOMIS Phlomis fruticosa"},"content":{"rendered":"<p>Morne d\u00e9coration des ronds-points de Wazemmes<br \/>\nLe Phlomis regrette son titre d\u2019autrefois<br \/>\nQuand on le nommait Sauge de J\u00e9rusalem,<br \/>\nQuand il naissait pour la post\u00e9rit\u00e9 des rois.<\/p>\n","protected":false},"excerpt":{"rendered":"<p>Morne d\u00e9coration des ronds-points de Wazemmes Le Phlomis regrette son titre d\u2019autrefois Quand on le nommait Sauge de J\u00e9rusalem, Quand il naissait pour la post\u00e9rit\u00e9 des rois.<\/p>\n<p class=\"more-link-p\"><a class=\"more-link\" href=\"http:\/\/laplumedeloiseaulyre.com\/?page_id=7294\">Read more &rarr;<\/a><\/p>\n","protected":false},"author":1,"featured_media":0,"parent":0,"menu_order":0,"comment_status":"closed","ping_status":"closed","template":"","meta":{"spay_email":""},"jetpack_shortlink":"https:\/\/wp.me\/P4lzfC-1TE","_links":{"self":[{"href":"http:\/\/laplumedeloiseaulyre.com\/index.php?rest_route=\/wp\/v2\/pages\/7294"}],"collection":[{"href":"http:\/\/laplumedeloiseaulyre.com\/index.php?rest_route=\/wp\/v2\/pages"}],"about":[{"href":"http:\/\/laplumedeloiseaulyre.com\/index.php?rest_route=\/wp\/v2\/types\/page"}],"author":[{"embeddable":true,"href":"http:\/\/laplumedeloiseaulyre.com\/index.php?rest_route=\/wp\/v2\/users\/1"}],"replies":[{"embeddable":true,"href":"http:\/\/laplumedeloiseaulyre.com\/index.php?rest_route=%2Fwp%2Fv2%2Fcomments&post=7294"}],"version-history":[{"count":1,"href":"http:\/\/laplumedeloiseaulyre.com\/index.php?rest_route=\/wp\/v2\/pages\/7294\/revisions"}],"predecessor-version":[{"id":7295,"href":"http:\/\/laplumedeloiseaulyre.com\/index.php?rest_route=\/wp\/v2\/pages\/7294\/revisions\/7295"}],"wp:attachment":[{"href":"http:\/\/laplumedeloiseaulyre.com\/index.php?rest_route=%2Fwp%2Fv2%2Fmedia&parent=7294"}],"curies":[{"name":"wp","href":"https:\/\/api.w.org\/{rel}","templated":true}]}}