{"id":7278,"date":"2018-03-02T11:28:33","date_gmt":"2018-03-02T11:28:33","guid":{"rendered":"http:\/\/laplumedeloiseaulyre.com\/?page_id=7278"},"modified":"2018-03-02T11:28:33","modified_gmt":"2018-03-02T11:28:33","slug":"penstemon-penstemon-hartwegii","status":"publish","type":"page","link":"http:\/\/laplumedeloiseaulyre.com\/?page_id=7278","title":{"rendered":"PENST\u00c9MON  Penstemon hartwegii"},"content":{"rendered":"<p>Pour que revienne \u00e0 toi le Penst\u00e9mon<br \/>\nTu ne manqueras pas l\u2019heure du th\u00e9,<br \/>\nPr\u00eate \u00e0 entendre \u00e0 nouveau le sermon.<br \/>\nDe ce pasteur britannique fard\u00e9.<\/p>\n","protected":false},"excerpt":{"rendered":"<p>Pour que revienne \u00e0 toi le Penst\u00e9mon Tu ne manqueras pas l\u2019heure du th\u00e9, Pr\u00eate \u00e0 entendre \u00e0 nouveau le sermon. De ce pasteur britannique fard\u00e9.<\/p>\n<p class=\"more-link-p\"><a class=\"more-link\" href=\"http:\/\/laplumedeloiseaulyre.com\/?page_id=7278\">Read more &rarr;<\/a><\/p>\n","protected":false},"author":1,"featured_media":0,"parent":0,"menu_order":0,"comment_status":"closed","ping_status":"closed","template":"","meta":{"spay_email":""},"jetpack_shortlink":"https:\/\/wp.me\/P4lzfC-1To","_links":{"self":[{"href":"http:\/\/laplumedeloiseaulyre.com\/index.php?rest_route=\/wp\/v2\/pages\/7278"}],"collection":[{"href":"http:\/\/laplumedeloiseaulyre.com\/index.php?rest_route=\/wp\/v2\/pages"}],"about":[{"href":"http:\/\/laplumedeloiseaulyre.com\/index.php?rest_route=\/wp\/v2\/types\/page"}],"author":[{"embeddable":true,"href":"http:\/\/laplumedeloiseaulyre.com\/index.php?rest_route=\/wp\/v2\/users\/1"}],"replies":[{"embeddable":true,"href":"http:\/\/laplumedeloiseaulyre.com\/index.php?rest_route=%2Fwp%2Fv2%2Fcomments&post=7278"}],"version-history":[{"count":1,"href":"http:\/\/laplumedeloiseaulyre.com\/index.php?rest_route=\/wp\/v2\/pages\/7278\/revisions"}],"predecessor-version":[{"id":7279,"href":"http:\/\/laplumedeloiseaulyre.com\/index.php?rest_route=\/wp\/v2\/pages\/7278\/revisions\/7279"}],"wp:attachment":[{"href":"http:\/\/laplumedeloiseaulyre.com\/index.php?rest_route=%2Fwp%2Fv2%2Fmedia&parent=7278"}],"curies":[{"name":"wp","href":"https:\/\/api.w.org\/{rel}","templated":true}]}}