{"id":7275,"date":"2018-03-02T11:16:38","date_gmt":"2018-03-02T11:16:38","guid":{"rendered":"http:\/\/laplumedeloiseaulyre.com\/?page_id=7275"},"modified":"2018-03-02T11:16:38","modified_gmt":"2018-03-02T11:16:38","slug":"pensee-viola-cornuta","status":"publish","type":"page","link":"http:\/\/laplumedeloiseaulyre.com\/?page_id=7275","title":{"rendered":"PENS\u00c9E Viola cornuta"},"content":{"rendered":"<p>O\u00f9 va la Pens\u00e9e quand elle d\u00e9ploie<br \/>\nLes ailes violac\u00e9es de son destin ?<br \/>\nO\u00f9 vont les alcyons quand je pense \u00e0 toi<br \/>\nAu refuge d\u00e9par\u00e9 de nos mains ?<\/p>\n","protected":false},"excerpt":{"rendered":"<p>O\u00f9 va la Pens\u00e9e quand elle d\u00e9ploie Les ailes violac\u00e9es de son destin ? O\u00f9 vont les alcyons quand je pense \u00e0 toi Au refuge d\u00e9par\u00e9 de nos mains ?<\/p>\n<p class=\"more-link-p\"><a class=\"more-link\" href=\"http:\/\/laplumedeloiseaulyre.com\/?page_id=7275\">Read more &rarr;<\/a><\/p>\n","protected":false},"author":1,"featured_media":0,"parent":0,"menu_order":0,"comment_status":"closed","ping_status":"closed","template":"","meta":{"spay_email":""},"jetpack_shortlink":"https:\/\/wp.me\/P4lzfC-1Tl","_links":{"self":[{"href":"http:\/\/laplumedeloiseaulyre.com\/index.php?rest_route=\/wp\/v2\/pages\/7275"}],"collection":[{"href":"http:\/\/laplumedeloiseaulyre.com\/index.php?rest_route=\/wp\/v2\/pages"}],"about":[{"href":"http:\/\/laplumedeloiseaulyre.com\/index.php?rest_route=\/wp\/v2\/types\/page"}],"author":[{"embeddable":true,"href":"http:\/\/laplumedeloiseaulyre.com\/index.php?rest_route=\/wp\/v2\/users\/1"}],"replies":[{"embeddable":true,"href":"http:\/\/laplumedeloiseaulyre.com\/index.php?rest_route=%2Fwp%2Fv2%2Fcomments&post=7275"}],"version-history":[{"count":1,"href":"http:\/\/laplumedeloiseaulyre.com\/index.php?rest_route=\/wp\/v2\/pages\/7275\/revisions"}],"predecessor-version":[{"id":7276,"href":"http:\/\/laplumedeloiseaulyre.com\/index.php?rest_route=\/wp\/v2\/pages\/7275\/revisions\/7276"}],"wp:attachment":[{"href":"http:\/\/laplumedeloiseaulyre.com\/index.php?rest_route=%2Fwp%2Fv2%2Fmedia&parent=7275"}],"curies":[{"name":"wp","href":"https:\/\/api.w.org\/{rel}","templated":true}]}}