{"id":7269,"date":"2018-03-02T11:14:02","date_gmt":"2018-03-02T11:14:02","guid":{"rendered":"http:\/\/laplumedeloiseaulyre.com\/?page_id=7269"},"modified":"2018-03-02T11:14:02","modified_gmt":"2018-03-02T11:14:02","slug":"peigne-de-venus-scandix-pecten-veneris","status":"publish","type":"page","link":"http:\/\/laplumedeloiseaulyre.com\/?page_id=7269","title":{"rendered":"PEIGNE DE V\u00c9NUS Scandix pecten-veneris"},"content":{"rendered":"<p>La fontaini\u00e8re trouva au fond d&rsquo;un bassin<br \/>\nLe Peigne de V\u00e9nus \u00e9gar\u00e9 par \u00c9ros,<br \/>\nUn cheveu blond y scintillait comme un larcin,<br \/>\nPrisonnier dor\u00e9 sur un marbre de Paros.<\/p>\n","protected":false},"excerpt":{"rendered":"<p>La fontaini\u00e8re trouva au fond d&rsquo;un bassin Le Peigne de V\u00e9nus \u00e9gar\u00e9 par \u00c9ros, Un cheveu blond y scintillait comme un larcin, Prisonnier dor\u00e9 sur un marbre de Paros.<\/p>\n<p class=\"more-link-p\"><a class=\"more-link\" href=\"http:\/\/laplumedeloiseaulyre.com\/?page_id=7269\">Read more &rarr;<\/a><\/p>\n","protected":false},"author":1,"featured_media":0,"parent":0,"menu_order":0,"comment_status":"closed","ping_status":"closed","template":"","meta":{"spay_email":""},"jetpack_shortlink":"https:\/\/wp.me\/P4lzfC-1Tf","_links":{"self":[{"href":"http:\/\/laplumedeloiseaulyre.com\/index.php?rest_route=\/wp\/v2\/pages\/7269"}],"collection":[{"href":"http:\/\/laplumedeloiseaulyre.com\/index.php?rest_route=\/wp\/v2\/pages"}],"about":[{"href":"http:\/\/laplumedeloiseaulyre.com\/index.php?rest_route=\/wp\/v2\/types\/page"}],"author":[{"embeddable":true,"href":"http:\/\/laplumedeloiseaulyre.com\/index.php?rest_route=\/wp\/v2\/users\/1"}],"replies":[{"embeddable":true,"href":"http:\/\/laplumedeloiseaulyre.com\/index.php?rest_route=%2Fwp%2Fv2%2Fcomments&post=7269"}],"version-history":[{"count":1,"href":"http:\/\/laplumedeloiseaulyre.com\/index.php?rest_route=\/wp\/v2\/pages\/7269\/revisions"}],"predecessor-version":[{"id":7270,"href":"http:\/\/laplumedeloiseaulyre.com\/index.php?rest_route=\/wp\/v2\/pages\/7269\/revisions\/7270"}],"wp:attachment":[{"href":"http:\/\/laplumedeloiseaulyre.com\/index.php?rest_route=%2Fwp%2Fv2%2Fmedia&parent=7269"}],"curies":[{"name":"wp","href":"https:\/\/api.w.org\/{rel}","templated":true}]}}