{"id":7187,"date":"2018-03-01T23:07:24","date_gmt":"2018-03-01T23:07:24","guid":{"rendered":"http:\/\/laplumedeloiseaulyre.com\/?page_id=7187"},"modified":"2021-05-01T14:42:04","modified_gmt":"2021-05-01T14:42:04","slug":"oignon-allium-cepa","status":"publish","type":"page","link":"http:\/\/laplumedeloiseaulyre.com\/?page_id=7187","title":{"rendered":"OIGNON Allium cepa"},"content":{"rendered":"<p>Marmite bouillonne d\u2019un fumet agr\u00e9able<br \/>\nIl fait bien chaud dans le panier tress\u00e9 d\u2019Oignons<br \/>\nM\u00eame si les pelures vrill\u00e9es de rais blonds<br \/>\nFont pleurer l\u2019\u0153il brun des a\u00efeules m\u00e9morables.<\/p>\n<p><span style=\"color: #339966;\"><strong>(English) ONION <em>Allium cepa<\/em><\/strong><\/span><\/p>\n<p><span style=\"color: #339966;\">The cauldron bubbles with a pleasant odour.<\/span><br \/>\n<span style=\"color: #339966;\"> Warm and cosy is the basket braided with Onions<\/span><br \/>\n<span style=\"color: #339966;\"> Even if the blond striped skin<\/span><br \/>\n<span style=\"color: #339966;\"> Brings tears to the eyes of our illustrious forbears.<\/span><\/p>\n<p><span style=\"color: #339966;\">\u00a9traduction David Lowe<\/span><\/p>\n","protected":false},"excerpt":{"rendered":"<p>Marmite bouillonne d\u2019un fumet agr\u00e9able Il fait bien chaud dans le panier tress\u00e9 d\u2019Oignons M\u00eame si les pelures vrill\u00e9es de rais blonds Font pleurer l\u2019\u0153il brun des a\u00efeules m\u00e9morables. (English) ONION Allium cepa The cauldron bubbles with a pleasant odour.&hellip;<\/p>\n<p class=\"more-link-p\"><a class=\"more-link\" href=\"http:\/\/laplumedeloiseaulyre.com\/?page_id=7187\">Read more &rarr;<\/a><\/p>\n","protected":false},"author":1,"featured_media":0,"parent":0,"menu_order":0,"comment_status":"closed","ping_status":"closed","template":"","meta":{"spay_email":""},"jetpack_shortlink":"https:\/\/wp.me\/P4lzfC-1RV","_links":{"self":[{"href":"http:\/\/laplumedeloiseaulyre.com\/index.php?rest_route=\/wp\/v2\/pages\/7187"}],"collection":[{"href":"http:\/\/laplumedeloiseaulyre.com\/index.php?rest_route=\/wp\/v2\/pages"}],"about":[{"href":"http:\/\/laplumedeloiseaulyre.com\/index.php?rest_route=\/wp\/v2\/types\/page"}],"author":[{"embeddable":true,"href":"http:\/\/laplumedeloiseaulyre.com\/index.php?rest_route=\/wp\/v2\/users\/1"}],"replies":[{"embeddable":true,"href":"http:\/\/laplumedeloiseaulyre.com\/index.php?rest_route=%2Fwp%2Fv2%2Fcomments&post=7187"}],"version-history":[{"count":7,"href":"http:\/\/laplumedeloiseaulyre.com\/index.php?rest_route=\/wp\/v2\/pages\/7187\/revisions"}],"predecessor-version":[{"id":12106,"href":"http:\/\/laplumedeloiseaulyre.com\/index.php?rest_route=\/wp\/v2\/pages\/7187\/revisions\/12106"}],"wp:attachment":[{"href":"http:\/\/laplumedeloiseaulyre.com\/index.php?rest_route=%2Fwp%2Fv2%2Fmedia&parent=7187"}],"curies":[{"name":"wp","href":"https:\/\/api.w.org\/{rel}","templated":true}]}}