{"id":7114,"date":"2018-03-01T22:35:35","date_gmt":"2018-03-01T22:35:35","guid":{"rendered":"http:\/\/laplumedeloiseaulyre.com\/?page_id=7114"},"modified":"2021-05-01T13:52:59","modified_gmt":"2021-05-01T13:52:59","slug":"mirabelle-prunus-domestica-subsp-syriaca","status":"publish","type":"page","link":"http:\/\/laplumedeloiseaulyre.com\/?page_id=7114","title":{"rendered":"MIRABELLE Prunus domestica subsp. syriaca"},"content":{"rendered":"<p>La Mirabelle, femme d\u00e9pensi\u00e8re<br \/>\nJette l\u2019or et l\u2019argent par les fen\u00eatres<br \/>\nMais le Lorrain ne laisse rien para\u00eetre :<br \/>\nIl ob\u00e9it \u00e0 cette t\u00eate en l\u2019air.<\/p>\n","protected":false},"excerpt":{"rendered":"<p>La Mirabelle, femme d\u00e9pensi\u00e8re Jette l\u2019or et l\u2019argent par les fen\u00eatres Mais le Lorrain ne laisse rien para\u00eetre : Il ob\u00e9it \u00e0 cette t\u00eate en l\u2019air.<\/p>\n<p class=\"more-link-p\"><a class=\"more-link\" href=\"http:\/\/laplumedeloiseaulyre.com\/?page_id=7114\">Read more &rarr;<\/a><\/p>\n","protected":false},"author":1,"featured_media":0,"parent":0,"menu_order":0,"comment_status":"closed","ping_status":"closed","template":"","meta":{"spay_email":""},"jetpack_shortlink":"https:\/\/wp.me\/P4lzfC-1QK","_links":{"self":[{"href":"http:\/\/laplumedeloiseaulyre.com\/index.php?rest_route=\/wp\/v2\/pages\/7114"}],"collection":[{"href":"http:\/\/laplumedeloiseaulyre.com\/index.php?rest_route=\/wp\/v2\/pages"}],"about":[{"href":"http:\/\/laplumedeloiseaulyre.com\/index.php?rest_route=\/wp\/v2\/types\/page"}],"author":[{"embeddable":true,"href":"http:\/\/laplumedeloiseaulyre.com\/index.php?rest_route=\/wp\/v2\/users\/1"}],"replies":[{"embeddable":true,"href":"http:\/\/laplumedeloiseaulyre.com\/index.php?rest_route=%2Fwp%2Fv2%2Fcomments&post=7114"}],"version-history":[{"count":2,"href":"http:\/\/laplumedeloiseaulyre.com\/index.php?rest_route=\/wp\/v2\/pages\/7114\/revisions"}],"predecessor-version":[{"id":12098,"href":"http:\/\/laplumedeloiseaulyre.com\/index.php?rest_route=\/wp\/v2\/pages\/7114\/revisions\/12098"}],"wp:attachment":[{"href":"http:\/\/laplumedeloiseaulyre.com\/index.php?rest_route=%2Fwp%2Fv2%2Fmedia&parent=7114"}],"curies":[{"name":"wp","href":"https:\/\/api.w.org\/{rel}","templated":true}]}}