{"id":6986,"date":"2018-03-01T15:42:18","date_gmt":"2018-03-01T15:42:18","guid":{"rendered":"http:\/\/laplumedeloiseaulyre.com\/?page_id=6986"},"modified":"2022-01-30T23:14:34","modified_gmt":"2022-01-30T23:14:34","slug":"langue-de-belle-mere-sansevieria-trifasciata","status":"publish","type":"page","link":"http:\/\/laplumedeloiseaulyre.com\/?page_id=6986","title":{"rendered":"LANGUE DE BELLE-M\u00c8RE Sansevieria trifasciata"},"content":{"rendered":"<p>\u00ab Psst, psst, psst \u00bb susurre la Sansevi\u00e8re<br \/>\nAux cousins qui passent pr\u00e8s de ses dires,<br \/>\nTr\u00e9passez gendres et brus sous son ire<br \/>\n\u00d4 ragots, oh Langue de Belle-M\u00e8re !<\/p>\n","protected":false},"excerpt":{"rendered":"<p>\u00ab Psst, psst, psst \u00bb susurre la Sansevi\u00e8re Aux cousins qui passent pr\u00e8s de ses dires, Tr\u00e9passez gendres et brus sous son ire \u00d4 ragots, oh Langue de Belle-M\u00e8re !<\/p>\n<p class=\"more-link-p\"><a class=\"more-link\" href=\"http:\/\/laplumedeloiseaulyre.com\/?page_id=6986\">Read more &rarr;<\/a><\/p>\n","protected":false},"author":1,"featured_media":0,"parent":0,"menu_order":0,"comment_status":"closed","ping_status":"closed","template":"","meta":{"spay_email":""},"jetpack_shortlink":"https:\/\/wp.me\/P4lzfC-1OG","_links":{"self":[{"href":"http:\/\/laplumedeloiseaulyre.com\/index.php?rest_route=\/wp\/v2\/pages\/6986"}],"collection":[{"href":"http:\/\/laplumedeloiseaulyre.com\/index.php?rest_route=\/wp\/v2\/pages"}],"about":[{"href":"http:\/\/laplumedeloiseaulyre.com\/index.php?rest_route=\/wp\/v2\/types\/page"}],"author":[{"embeddable":true,"href":"http:\/\/laplumedeloiseaulyre.com\/index.php?rest_route=\/wp\/v2\/users\/1"}],"replies":[{"embeddable":true,"href":"http:\/\/laplumedeloiseaulyre.com\/index.php?rest_route=%2Fwp%2Fv2%2Fcomments&post=6986"}],"version-history":[{"count":2,"href":"http:\/\/laplumedeloiseaulyre.com\/index.php?rest_route=\/wp\/v2\/pages\/6986\/revisions"}],"predecessor-version":[{"id":13507,"href":"http:\/\/laplumedeloiseaulyre.com\/index.php?rest_route=\/wp\/v2\/pages\/6986\/revisions\/13507"}],"wp:attachment":[{"href":"http:\/\/laplumedeloiseaulyre.com\/index.php?rest_route=%2Fwp%2Fv2%2Fmedia&parent=6986"}],"curies":[{"name":"wp","href":"https:\/\/api.w.org\/{rel}","templated":true}]}}