{"id":6978,"date":"2018-03-01T15:37:50","date_gmt":"2018-03-01T15:37:50","guid":{"rendered":"http:\/\/laplumedeloiseaulyre.com\/?page_id=6978"},"modified":"2021-04-30T23:13:53","modified_gmt":"2021-04-30T23:13:53","slug":"laitue-lactuca-sativa","status":"publish","type":"page","link":"http:\/\/laplumedeloiseaulyre.com\/?page_id=6978","title":{"rendered":"LAITUE Lactuca sativa"},"content":{"rendered":"<p>Repas de tortue molle et nonchalante,<br \/>\nLa Laitue se laisse avaler sans cri<br \/>\nM\u00eame assaisonn\u00e9e de boissons aigries :<br \/>\nElle a la chlorophylle tr\u00e8s patiente.<\/p>\n","protected":false},"excerpt":{"rendered":"<p>Repas de tortue molle et nonchalante, La Laitue se laisse avaler sans cri M\u00eame assaisonn\u00e9e de boissons aigries : Elle a la chlorophylle tr\u00e8s patiente.<\/p>\n<p class=\"more-link-p\"><a class=\"more-link\" href=\"http:\/\/laplumedeloiseaulyre.com\/?page_id=6978\">Read more &rarr;<\/a><\/p>\n","protected":false},"author":1,"featured_media":0,"parent":0,"menu_order":0,"comment_status":"closed","ping_status":"closed","template":"","meta":{"spay_email":""},"jetpack_shortlink":"https:\/\/wp.me\/P4lzfC-1Oy","_links":{"self":[{"href":"http:\/\/laplumedeloiseaulyre.com\/index.php?rest_route=\/wp\/v2\/pages\/6978"}],"collection":[{"href":"http:\/\/laplumedeloiseaulyre.com\/index.php?rest_route=\/wp\/v2\/pages"}],"about":[{"href":"http:\/\/laplumedeloiseaulyre.com\/index.php?rest_route=\/wp\/v2\/types\/page"}],"author":[{"embeddable":true,"href":"http:\/\/laplumedeloiseaulyre.com\/index.php?rest_route=\/wp\/v2\/users\/1"}],"replies":[{"embeddable":true,"href":"http:\/\/laplumedeloiseaulyre.com\/index.php?rest_route=%2Fwp%2Fv2%2Fcomments&post=6978"}],"version-history":[{"count":2,"href":"http:\/\/laplumedeloiseaulyre.com\/index.php?rest_route=\/wp\/v2\/pages\/6978\/revisions"}],"predecessor-version":[{"id":12084,"href":"http:\/\/laplumedeloiseaulyre.com\/index.php?rest_route=\/wp\/v2\/pages\/6978\/revisions\/12084"}],"wp:attachment":[{"href":"http:\/\/laplumedeloiseaulyre.com\/index.php?rest_route=%2Fwp%2Fv2%2Fmedia&parent=6978"}],"curies":[{"name":"wp","href":"https:\/\/api.w.org\/{rel}","templated":true}]}}