{"id":6951,"date":"2018-02-28T21:39:23","date_gmt":"2018-02-28T21:39:23","guid":{"rendered":"http:\/\/laplumedeloiseaulyre.com\/?page_id=6951"},"modified":"2018-02-28T21:39:23","modified_gmt":"2018-02-28T21:39:23","slug":"jujubier-ziziphus-jujuba","status":"publish","type":"page","link":"http:\/\/laplumedeloiseaulyre.com\/?page_id=6951","title":{"rendered":"JUJUBIER Ziziphus jujuba"},"content":{"rendered":"<p>Dattier pectoral aux oreilles d&rsquo;\u00e9l\u00e9phant,<br \/>\nMahom\u00e9tan ou chinois selon les \u00e9poques,<br \/>\nJujubier se f\u00e9licite d\u2019\u00eatre \u00e9quivoque<br \/>\nAvec \u00e9pine de Torah ou de Coran.<\/p>\n","protected":false},"excerpt":{"rendered":"<p>Dattier pectoral aux oreilles d&rsquo;\u00e9l\u00e9phant, Mahom\u00e9tan ou chinois selon les \u00e9poques, Jujubier se f\u00e9licite d\u2019\u00eatre \u00e9quivoque Avec \u00e9pine de Torah ou de Coran.<\/p>\n<p class=\"more-link-p\"><a class=\"more-link\" href=\"http:\/\/laplumedeloiseaulyre.com\/?page_id=6951\">Read more &rarr;<\/a><\/p>\n","protected":false},"author":1,"featured_media":0,"parent":0,"menu_order":0,"comment_status":"closed","ping_status":"closed","template":"","meta":{"spay_email":""},"jetpack_shortlink":"https:\/\/wp.me\/P4lzfC-1O7","_links":{"self":[{"href":"http:\/\/laplumedeloiseaulyre.com\/index.php?rest_route=\/wp\/v2\/pages\/6951"}],"collection":[{"href":"http:\/\/laplumedeloiseaulyre.com\/index.php?rest_route=\/wp\/v2\/pages"}],"about":[{"href":"http:\/\/laplumedeloiseaulyre.com\/index.php?rest_route=\/wp\/v2\/types\/page"}],"author":[{"embeddable":true,"href":"http:\/\/laplumedeloiseaulyre.com\/index.php?rest_route=\/wp\/v2\/users\/1"}],"replies":[{"embeddable":true,"href":"http:\/\/laplumedeloiseaulyre.com\/index.php?rest_route=%2Fwp%2Fv2%2Fcomments&post=6951"}],"version-history":[{"count":1,"href":"http:\/\/laplumedeloiseaulyre.com\/index.php?rest_route=\/wp\/v2\/pages\/6951\/revisions"}],"predecessor-version":[{"id":6952,"href":"http:\/\/laplumedeloiseaulyre.com\/index.php?rest_route=\/wp\/v2\/pages\/6951\/revisions\/6952"}],"wp:attachment":[{"href":"http:\/\/laplumedeloiseaulyre.com\/index.php?rest_route=%2Fwp%2Fv2%2Fmedia&parent=6951"}],"curies":[{"name":"wp","href":"https:\/\/api.w.org\/{rel}","templated":true}]}}