{"id":6940,"date":"2018-02-28T21:34:37","date_gmt":"2018-02-28T21:34:37","guid":{"rendered":"http:\/\/laplumedeloiseaulyre.com\/?page_id=6940"},"modified":"2021-04-30T23:01:00","modified_gmt":"2021-04-30T23:01:00","slug":"jacinthe-des-bois-hyacinthoides-non-scripta","status":"publish","type":"page","link":"http:\/\/laplumedeloiseaulyre.com\/?page_id=6940","title":{"rendered":"JACINTHE DES BOIS Hyacinthoides non-scripta"},"content":{"rendered":"<p>En vain tu s\u00e9duis, aveugle conscience,<br \/>\nLasse, je crains ta pr\u00e9cipitation,<br \/>\nLaisse-moi les Jacinthes du silence<br \/>\nPour gu\u00e9rir ma d\u00e9tresse et d\u00e9raison.<\/p>\n","protected":false},"excerpt":{"rendered":"<p>En vain tu s\u00e9duis, aveugle conscience, Lasse, je crains ta pr\u00e9cipitation, Laisse-moi les Jacinthes du silence Pour gu\u00e9rir ma d\u00e9tresse et d\u00e9raison.<\/p>\n<p class=\"more-link-p\"><a class=\"more-link\" href=\"http:\/\/laplumedeloiseaulyre.com\/?page_id=6940\">Read more &rarr;<\/a><\/p>\n","protected":false},"author":1,"featured_media":0,"parent":0,"menu_order":0,"comment_status":"closed","ping_status":"closed","template":"","meta":{"spay_email":""},"jetpack_shortlink":"https:\/\/wp.me\/P4lzfC-1NW","_links":{"self":[{"href":"http:\/\/laplumedeloiseaulyre.com\/index.php?rest_route=\/wp\/v2\/pages\/6940"}],"collection":[{"href":"http:\/\/laplumedeloiseaulyre.com\/index.php?rest_route=\/wp\/v2\/pages"}],"about":[{"href":"http:\/\/laplumedeloiseaulyre.com\/index.php?rest_route=\/wp\/v2\/types\/page"}],"author":[{"embeddable":true,"href":"http:\/\/laplumedeloiseaulyre.com\/index.php?rest_route=\/wp\/v2\/users\/1"}],"replies":[{"embeddable":true,"href":"http:\/\/laplumedeloiseaulyre.com\/index.php?rest_route=%2Fwp%2Fv2%2Fcomments&post=6940"}],"version-history":[{"count":2,"href":"http:\/\/laplumedeloiseaulyre.com\/index.php?rest_route=\/wp\/v2\/pages\/6940\/revisions"}],"predecessor-version":[{"id":12082,"href":"http:\/\/laplumedeloiseaulyre.com\/index.php?rest_route=\/wp\/v2\/pages\/6940\/revisions\/12082"}],"wp:attachment":[{"href":"http:\/\/laplumedeloiseaulyre.com\/index.php?rest_route=%2Fwp%2Fv2%2Fmedia&parent=6940"}],"curies":[{"name":"wp","href":"https:\/\/api.w.org\/{rel}","templated":true}]}}