{"id":6878,"date":"2018-02-28T20:18:14","date_gmt":"2018-02-28T20:18:14","guid":{"rendered":"http:\/\/laplumedeloiseaulyre.com\/?page_id=6878"},"modified":"2018-02-28T20:18:14","modified_gmt":"2018-02-28T20:18:14","slug":"heliotrope-heliotropium-arborescens","status":"publish","type":"page","link":"http:\/\/laplumedeloiseaulyre.com\/?page_id=6878","title":{"rendered":"H\u00c9LIOTROPE  Heliotropium arborescens"},"content":{"rendered":"<p>Vois d&rsquo;H\u00e9liotrope l&rsquo;attachement<br \/>\nQuand son enthousiasme vanill\u00e9<br \/>\nS&rsquo;\u00e9l\u00e8ve et se tourne en violet baiser,<br \/>\nRavi par son ultime ach\u00e8vement.<\/p>\n","protected":false},"excerpt":{"rendered":"<p>Vois d&rsquo;H\u00e9liotrope l&rsquo;attachement Quand son enthousiasme vanill\u00e9 S&rsquo;\u00e9l\u00e8ve et se tourne en violet baiser, Ravi par son ultime ach\u00e8vement.<\/p>\n<p class=\"more-link-p\"><a class=\"more-link\" href=\"http:\/\/laplumedeloiseaulyre.com\/?page_id=6878\">Read more &rarr;<\/a><\/p>\n","protected":false},"author":1,"featured_media":0,"parent":0,"menu_order":0,"comment_status":"closed","ping_status":"closed","template":"","meta":{"spay_email":""},"jetpack_shortlink":"https:\/\/wp.me\/P4lzfC-1MW","_links":{"self":[{"href":"http:\/\/laplumedeloiseaulyre.com\/index.php?rest_route=\/wp\/v2\/pages\/6878"}],"collection":[{"href":"http:\/\/laplumedeloiseaulyre.com\/index.php?rest_route=\/wp\/v2\/pages"}],"about":[{"href":"http:\/\/laplumedeloiseaulyre.com\/index.php?rest_route=\/wp\/v2\/types\/page"}],"author":[{"embeddable":true,"href":"http:\/\/laplumedeloiseaulyre.com\/index.php?rest_route=\/wp\/v2\/users\/1"}],"replies":[{"embeddable":true,"href":"http:\/\/laplumedeloiseaulyre.com\/index.php?rest_route=%2Fwp%2Fv2%2Fcomments&post=6878"}],"version-history":[{"count":1,"href":"http:\/\/laplumedeloiseaulyre.com\/index.php?rest_route=\/wp\/v2\/pages\/6878\/revisions"}],"predecessor-version":[{"id":6879,"href":"http:\/\/laplumedeloiseaulyre.com\/index.php?rest_route=\/wp\/v2\/pages\/6878\/revisions\/6879"}],"wp:attachment":[{"href":"http:\/\/laplumedeloiseaulyre.com\/index.php?rest_route=%2Fwp%2Fv2%2Fmedia&parent=6878"}],"curies":[{"name":"wp","href":"https:\/\/api.w.org\/{rel}","templated":true}]}}