{"id":6876,"date":"2018-02-28T20:17:08","date_gmt":"2018-02-28T20:17:08","guid":{"rendered":"http:\/\/laplumedeloiseaulyre.com\/?page_id=6876"},"modified":"2021-07-23T22:13:16","modified_gmt":"2021-07-23T22:13:16","slug":"heliopsis-heliopsis-helianthoides-subsp-scabra","status":"publish","type":"page","link":"http:\/\/laplumedeloiseaulyre.com\/?page_id=6876","title":{"rendered":"H\u00c9LIOPSIS  Heliopsis helianthoides subsp. scabra"},"content":{"rendered":"<p>Et quand je pense \u00e0 toi je pense \u00e0 mon salut,<br \/>\nJe pense \u00e0 la beaut\u00e9 de ce domaine clos,<br \/>\nAu ch\u00e2teau des H\u00e9liopsis b\u00e2tis d&rsquo;id\u00e9aux,<br \/>\nConstruit sur le roc de nos promesses tenues.<\/p>\n","protected":false},"excerpt":{"rendered":"<p>Et quand je pense \u00e0 toi je pense \u00e0 mon salut, Je pense \u00e0 la beaut\u00e9 de ce domaine clos, Au ch\u00e2teau des H\u00e9liopsis b\u00e2tis d&rsquo;id\u00e9aux, Construit sur le roc de nos promesses tenues.<\/p>\n<p class=\"more-link-p\"><a class=\"more-link\" href=\"http:\/\/laplumedeloiseaulyre.com\/?page_id=6876\">Read more &rarr;<\/a><\/p>\n","protected":false},"author":1,"featured_media":0,"parent":0,"menu_order":0,"comment_status":"closed","ping_status":"closed","template":"","meta":{"spay_email":""},"jetpack_shortlink":"https:\/\/wp.me\/P4lzfC-1MU","_links":{"self":[{"href":"http:\/\/laplumedeloiseaulyre.com\/index.php?rest_route=\/wp\/v2\/pages\/6876"}],"collection":[{"href":"http:\/\/laplumedeloiseaulyre.com\/index.php?rest_route=\/wp\/v2\/pages"}],"about":[{"href":"http:\/\/laplumedeloiseaulyre.com\/index.php?rest_route=\/wp\/v2\/types\/page"}],"author":[{"embeddable":true,"href":"http:\/\/laplumedeloiseaulyre.com\/index.php?rest_route=\/wp\/v2\/users\/1"}],"replies":[{"embeddable":true,"href":"http:\/\/laplumedeloiseaulyre.com\/index.php?rest_route=%2Fwp%2Fv2%2Fcomments&post=6876"}],"version-history":[{"count":3,"href":"http:\/\/laplumedeloiseaulyre.com\/index.php?rest_route=\/wp\/v2\/pages\/6876\/revisions"}],"predecessor-version":[{"id":12626,"href":"http:\/\/laplumedeloiseaulyre.com\/index.php?rest_route=\/wp\/v2\/pages\/6876\/revisions\/12626"}],"wp:attachment":[{"href":"http:\/\/laplumedeloiseaulyre.com\/index.php?rest_route=%2Fwp%2Fv2%2Fmedia&parent=6876"}],"curies":[{"name":"wp","href":"https:\/\/api.w.org\/{rel}","templated":true}]}}