{"id":6855,"date":"2018-02-28T20:06:23","date_gmt":"2018-02-28T20:06:23","guid":{"rendered":"http:\/\/laplumedeloiseaulyre.com\/?page_id=6855"},"modified":"2021-04-30T14:00:35","modified_gmt":"2021-04-30T14:00:35","slug":"graminees-poaceae","status":"publish","type":"page","link":"http:\/\/laplumedeloiseaulyre.com\/?page_id=6855","title":{"rendered":"GRAMIN\u00c9ES Poaceae"},"content":{"rendered":"<p>Vieilles Gramin\u00e9es faudra-t-il vous ramasser<br \/>\nOu laisser mourir dans les champs vos dol\u00e9ances ?<br \/>\nH\u00e9las, il est dur de saisir votre romance<br \/>\nEt de savoir pourquoi nous nous sommes crois\u00e9es.<\/p>\n","protected":false},"excerpt":{"rendered":"<p>Vieilles Gramin\u00e9es faudra-t-il vous ramasser Ou laisser mourir dans les champs vos dol\u00e9ances ? H\u00e9las, il est dur de saisir votre romance Et de savoir pourquoi nous nous sommes crois\u00e9es.<\/p>\n<p class=\"more-link-p\"><a class=\"more-link\" href=\"http:\/\/laplumedeloiseaulyre.com\/?page_id=6855\">Read more &rarr;<\/a><\/p>\n","protected":false},"author":1,"featured_media":0,"parent":0,"menu_order":0,"comment_status":"closed","ping_status":"closed","template":"","meta":{"spay_email":""},"jetpack_shortlink":"https:\/\/wp.me\/P4lzfC-1Mz","_links":{"self":[{"href":"http:\/\/laplumedeloiseaulyre.com\/index.php?rest_route=\/wp\/v2\/pages\/6855"}],"collection":[{"href":"http:\/\/laplumedeloiseaulyre.com\/index.php?rest_route=\/wp\/v2\/pages"}],"about":[{"href":"http:\/\/laplumedeloiseaulyre.com\/index.php?rest_route=\/wp\/v2\/types\/page"}],"author":[{"embeddable":true,"href":"http:\/\/laplumedeloiseaulyre.com\/index.php?rest_route=\/wp\/v2\/users\/1"}],"replies":[{"embeddable":true,"href":"http:\/\/laplumedeloiseaulyre.com\/index.php?rest_route=%2Fwp%2Fv2%2Fcomments&post=6855"}],"version-history":[{"count":2,"href":"http:\/\/laplumedeloiseaulyre.com\/index.php?rest_route=\/wp\/v2\/pages\/6855\/revisions"}],"predecessor-version":[{"id":12071,"href":"http:\/\/laplumedeloiseaulyre.com\/index.php?rest_route=\/wp\/v2\/pages\/6855\/revisions\/12071"}],"wp:attachment":[{"href":"http:\/\/laplumedeloiseaulyre.com\/index.php?rest_route=%2Fwp%2Fv2%2Fmedia&parent=6855"}],"curies":[{"name":"wp","href":"https:\/\/api.w.org\/{rel}","templated":true}]}}