{"id":6832,"date":"2018-02-28T19:35:12","date_gmt":"2018-02-28T19:35:12","guid":{"rendered":"http:\/\/laplumedeloiseaulyre.com\/?page_id=6832"},"modified":"2021-04-30T13:46:38","modified_gmt":"2021-04-30T13:46:38","slug":"germandree-teucrium-chamaedrys","status":"publish","type":"page","link":"http:\/\/laplumedeloiseaulyre.com\/?page_id=6832","title":{"rendered":"GERMANDR\u00c9E  Teucrium chamaedrys"},"content":{"rendered":"<p>Au fond d\u2019un pr\u00e9 s\u2019ennuyait Germandr\u00e9e<br \/>\nQue ne pouvaient distraire ni cafard,<br \/>\nNi pyrrhocoris, ni souris, ni loir,<br \/>\nNi pi\u00e9ride, ni onomatop\u00e9e.<\/p>\n","protected":false},"excerpt":{"rendered":"<p>Au fond d\u2019un pr\u00e9 s\u2019ennuyait Germandr\u00e9e Que ne pouvaient distraire ni cafard, Ni pyrrhocoris, ni souris, ni loir, Ni pi\u00e9ride, ni onomatop\u00e9e.<\/p>\n<p class=\"more-link-p\"><a class=\"more-link\" href=\"http:\/\/laplumedeloiseaulyre.com\/?page_id=6832\">Read more &rarr;<\/a><\/p>\n","protected":false},"author":1,"featured_media":0,"parent":0,"menu_order":0,"comment_status":"closed","ping_status":"closed","template":"","meta":{"spay_email":""},"jetpack_shortlink":"https:\/\/wp.me\/P4lzfC-1Mc","_links":{"self":[{"href":"http:\/\/laplumedeloiseaulyre.com\/index.php?rest_route=\/wp\/v2\/pages\/6832"}],"collection":[{"href":"http:\/\/laplumedeloiseaulyre.com\/index.php?rest_route=\/wp\/v2\/pages"}],"about":[{"href":"http:\/\/laplumedeloiseaulyre.com\/index.php?rest_route=\/wp\/v2\/types\/page"}],"author":[{"embeddable":true,"href":"http:\/\/laplumedeloiseaulyre.com\/index.php?rest_route=\/wp\/v2\/users\/1"}],"replies":[{"embeddable":true,"href":"http:\/\/laplumedeloiseaulyre.com\/index.php?rest_route=%2Fwp%2Fv2%2Fcomments&post=6832"}],"version-history":[{"count":2,"href":"http:\/\/laplumedeloiseaulyre.com\/index.php?rest_route=\/wp\/v2\/pages\/6832\/revisions"}],"predecessor-version":[{"id":12067,"href":"http:\/\/laplumedeloiseaulyre.com\/index.php?rest_route=\/wp\/v2\/pages\/6832\/revisions\/12067"}],"wp:attachment":[{"href":"http:\/\/laplumedeloiseaulyre.com\/index.php?rest_route=%2Fwp%2Fv2%2Fmedia&parent=6832"}],"curies":[{"name":"wp","href":"https:\/\/api.w.org\/{rel}","templated":true}]}}