{"id":6809,"date":"2018-02-28T19:24:33","date_gmt":"2018-02-28T19:24:33","guid":{"rendered":"http:\/\/laplumedeloiseaulyre.com\/?page_id=6809"},"modified":"2018-02-28T19:24:33","modified_gmt":"2018-02-28T19:24:33","slug":"galega-galega-officinalis","status":"publish","type":"page","link":"http:\/\/laplumedeloiseaulyre.com\/?page_id=6809","title":{"rendered":"GALEGA  Galega officinalis"},"content":{"rendered":"<p>Dame Galega fait la r\u00e9v\u00e9rence<br \/>\n\u00c9panchant sa poitrine de nourrice<br \/>\nO\u00f9 goutte une perle de lactescence,<br \/>\nPlante ber\u00e7ant les ch\u00e8vres du val d\u2019Ys.<\/p>\n","protected":false},"excerpt":{"rendered":"<p>Dame Galega fait la r\u00e9v\u00e9rence \u00c9panchant sa poitrine de nourrice O\u00f9 goutte une perle de lactescence, Plante ber\u00e7ant les ch\u00e8vres du val d\u2019Ys.<\/p>\n<p class=\"more-link-p\"><a class=\"more-link\" href=\"http:\/\/laplumedeloiseaulyre.com\/?page_id=6809\">Read more &rarr;<\/a><\/p>\n","protected":false},"author":1,"featured_media":0,"parent":0,"menu_order":0,"comment_status":"closed","ping_status":"closed","template":"","meta":{"spay_email":""},"jetpack_shortlink":"https:\/\/wp.me\/P4lzfC-1LP","_links":{"self":[{"href":"http:\/\/laplumedeloiseaulyre.com\/index.php?rest_route=\/wp\/v2\/pages\/6809"}],"collection":[{"href":"http:\/\/laplumedeloiseaulyre.com\/index.php?rest_route=\/wp\/v2\/pages"}],"about":[{"href":"http:\/\/laplumedeloiseaulyre.com\/index.php?rest_route=\/wp\/v2\/types\/page"}],"author":[{"embeddable":true,"href":"http:\/\/laplumedeloiseaulyre.com\/index.php?rest_route=\/wp\/v2\/users\/1"}],"replies":[{"embeddable":true,"href":"http:\/\/laplumedeloiseaulyre.com\/index.php?rest_route=%2Fwp%2Fv2%2Fcomments&post=6809"}],"version-history":[{"count":1,"href":"http:\/\/laplumedeloiseaulyre.com\/index.php?rest_route=\/wp\/v2\/pages\/6809\/revisions"}],"predecessor-version":[{"id":6810,"href":"http:\/\/laplumedeloiseaulyre.com\/index.php?rest_route=\/wp\/v2\/pages\/6809\/revisions\/6810"}],"wp:attachment":[{"href":"http:\/\/laplumedeloiseaulyre.com\/index.php?rest_route=%2Fwp%2Fv2%2Fmedia&parent=6809"}],"curies":[{"name":"wp","href":"https:\/\/api.w.org\/{rel}","templated":true}]}}