{"id":6805,"date":"2018-02-28T19:22:47","date_gmt":"2018-02-28T19:22:47","guid":{"rendered":"http:\/\/laplumedeloiseaulyre.com\/?page_id=6805"},"modified":"2018-02-28T19:22:47","modified_gmt":"2018-02-28T19:22:47","slug":"gaillet-gratteron-galium-aparine","status":"publish","type":"page","link":"http:\/\/laplumedeloiseaulyre.com\/?page_id=6805","title":{"rendered":"GAILLET GRATTERON Galium aparine"},"content":{"rendered":"<p>Sa barbe de trois jours a d\u00e9mang\u00e9<br \/>\nLe Gaillet gratteron, vieil impub\u00e8re,<br \/>\nAncien adolescent de la clairi\u00e8re<br \/>\nAvec sa coupe au carr\u00e9 d\u00e9mod\u00e9e.<\/p>\n","protected":false},"excerpt":{"rendered":"<p>Sa barbe de trois jours a d\u00e9mang\u00e9 Le Gaillet gratteron, vieil impub\u00e8re, Ancien adolescent de la clairi\u00e8re Avec sa coupe au carr\u00e9 d\u00e9mod\u00e9e.<\/p>\n<p class=\"more-link-p\"><a class=\"more-link\" href=\"http:\/\/laplumedeloiseaulyre.com\/?page_id=6805\">Read more &rarr;<\/a><\/p>\n","protected":false},"author":1,"featured_media":0,"parent":0,"menu_order":0,"comment_status":"closed","ping_status":"closed","template":"","meta":{"spay_email":""},"jetpack_shortlink":"https:\/\/wp.me\/P4lzfC-1LL","_links":{"self":[{"href":"http:\/\/laplumedeloiseaulyre.com\/index.php?rest_route=\/wp\/v2\/pages\/6805"}],"collection":[{"href":"http:\/\/laplumedeloiseaulyre.com\/index.php?rest_route=\/wp\/v2\/pages"}],"about":[{"href":"http:\/\/laplumedeloiseaulyre.com\/index.php?rest_route=\/wp\/v2\/types\/page"}],"author":[{"embeddable":true,"href":"http:\/\/laplumedeloiseaulyre.com\/index.php?rest_route=\/wp\/v2\/users\/1"}],"replies":[{"embeddable":true,"href":"http:\/\/laplumedeloiseaulyre.com\/index.php?rest_route=%2Fwp%2Fv2%2Fcomments&post=6805"}],"version-history":[{"count":1,"href":"http:\/\/laplumedeloiseaulyre.com\/index.php?rest_route=\/wp\/v2\/pages\/6805\/revisions"}],"predecessor-version":[{"id":6806,"href":"http:\/\/laplumedeloiseaulyre.com\/index.php?rest_route=\/wp\/v2\/pages\/6805\/revisions\/6806"}],"wp:attachment":[{"href":"http:\/\/laplumedeloiseaulyre.com\/index.php?rest_route=%2Fwp%2Fv2%2Fmedia&parent=6805"}],"curies":[{"name":"wp","href":"https:\/\/api.w.org\/{rel}","templated":true}]}}