{"id":6799,"date":"2018-02-28T19:21:08","date_gmt":"2018-02-28T19:21:08","guid":{"rendered":"http:\/\/laplumedeloiseaulyre.com\/?page_id=6799"},"modified":"2018-02-28T19:21:08","modified_gmt":"2018-02-28T19:21:08","slug":"gaillarde-gaillardia-pulchella","status":"publish","type":"page","link":"http:\/\/laplumedeloiseaulyre.com\/?page_id=6799","title":{"rendered":"GAILLARDE  Gaillardia pulchella"},"content":{"rendered":"<p>J\u2019ai dans\u00e9 la Gaillarde tout l\u2019\u00e9t\u00e9<br \/>\nMais sans gaiet\u00e9 de c\u0153ur je vous l\u2019avoue\u00a0:<br \/>\nVous me manquez Monsieur qui ne m\u2019aimez,<br \/>\nTout le monde \u00e9tait l\u00e0 ce soir sauf vous.<\/p>\n","protected":false},"excerpt":{"rendered":"<p>J\u2019ai dans\u00e9 la Gaillarde tout l\u2019\u00e9t\u00e9 Mais sans gaiet\u00e9 de c\u0153ur je vous l\u2019avoue\u00a0: Vous me manquez Monsieur qui ne m\u2019aimez, Tout le monde \u00e9tait l\u00e0 ce soir sauf vous.<\/p>\n<p class=\"more-link-p\"><a class=\"more-link\" href=\"http:\/\/laplumedeloiseaulyre.com\/?page_id=6799\">Read more &rarr;<\/a><\/p>\n","protected":false},"author":1,"featured_media":0,"parent":0,"menu_order":0,"comment_status":"closed","ping_status":"closed","template":"","meta":{"spay_email":""},"jetpack_shortlink":"https:\/\/wp.me\/P4lzfC-1LF","_links":{"self":[{"href":"http:\/\/laplumedeloiseaulyre.com\/index.php?rest_route=\/wp\/v2\/pages\/6799"}],"collection":[{"href":"http:\/\/laplumedeloiseaulyre.com\/index.php?rest_route=\/wp\/v2\/pages"}],"about":[{"href":"http:\/\/laplumedeloiseaulyre.com\/index.php?rest_route=\/wp\/v2\/types\/page"}],"author":[{"embeddable":true,"href":"http:\/\/laplumedeloiseaulyre.com\/index.php?rest_route=\/wp\/v2\/users\/1"}],"replies":[{"embeddable":true,"href":"http:\/\/laplumedeloiseaulyre.com\/index.php?rest_route=%2Fwp%2Fv2%2Fcomments&post=6799"}],"version-history":[{"count":1,"href":"http:\/\/laplumedeloiseaulyre.com\/index.php?rest_route=\/wp\/v2\/pages\/6799\/revisions"}],"predecessor-version":[{"id":6802,"href":"http:\/\/laplumedeloiseaulyre.com\/index.php?rest_route=\/wp\/v2\/pages\/6799\/revisions\/6802"}],"wp:attachment":[{"href":"http:\/\/laplumedeloiseaulyre.com\/index.php?rest_route=%2Fwp%2Fv2%2Fmedia&parent=6799"}],"curies":[{"name":"wp","href":"https:\/\/api.w.org\/{rel}","templated":true}]}}