{"id":6730,"date":"2018-02-28T15:00:11","date_gmt":"2018-02-28T15:00:11","guid":{"rendered":"http:\/\/laplumedeloiseaulyre.com\/?page_id=6730"},"modified":"2021-06-27T13:07:08","modified_gmt":"2021-06-27T13:07:08","slug":"epilobe-chamerion-angustifolium","status":"publish","type":"page","link":"http:\/\/laplumedeloiseaulyre.com\/?page_id=6730","title":{"rendered":"\u00c9PILOBE Epilobium angustifolium"},"content":{"rendered":"<p>Dit &laquo;&nbsp;Le Laurier de Saint Antoine&nbsp;&raquo;, l&rsquo;\u00c9pilobe<br \/>\n\u00c9tudie son paroissien angustifoli\u00e9,<br \/>\nIl \u00e9poussette ses \u00e9pis damasquin\u00e9s,<br \/>\nSe signant en archev\u00eaque \u00e9rudit et probe.<\/p>\n","protected":false},"excerpt":{"rendered":"<p>Dit &laquo;&nbsp;Le Laurier de Saint Antoine&nbsp;&raquo;, l&rsquo;\u00c9pilobe \u00c9tudie son paroissien angustifoli\u00e9, Il \u00e9poussette ses \u00e9pis damasquin\u00e9s, Se signant en archev\u00eaque \u00e9rudit et probe.<\/p>\n<p class=\"more-link-p\"><a class=\"more-link\" href=\"http:\/\/laplumedeloiseaulyre.com\/?page_id=6730\">Read more &rarr;<\/a><\/p>\n","protected":false},"author":1,"featured_media":0,"parent":0,"menu_order":0,"comment_status":"closed","ping_status":"closed","template":"","meta":{"spay_email":""},"jetpack_shortlink":"https:\/\/wp.me\/P4lzfC-1Ky","_links":{"self":[{"href":"http:\/\/laplumedeloiseaulyre.com\/index.php?rest_route=\/wp\/v2\/pages\/6730"}],"collection":[{"href":"http:\/\/laplumedeloiseaulyre.com\/index.php?rest_route=\/wp\/v2\/pages"}],"about":[{"href":"http:\/\/laplumedeloiseaulyre.com\/index.php?rest_route=\/wp\/v2\/types\/page"}],"author":[{"embeddable":true,"href":"http:\/\/laplumedeloiseaulyre.com\/index.php?rest_route=\/wp\/v2\/users\/1"}],"replies":[{"embeddable":true,"href":"http:\/\/laplumedeloiseaulyre.com\/index.php?rest_route=%2Fwp%2Fv2%2Fcomments&post=6730"}],"version-history":[{"count":3,"href":"http:\/\/laplumedeloiseaulyre.com\/index.php?rest_route=\/wp\/v2\/pages\/6730\/revisions"}],"predecessor-version":[{"id":12392,"href":"http:\/\/laplumedeloiseaulyre.com\/index.php?rest_route=\/wp\/v2\/pages\/6730\/revisions\/12392"}],"wp:attachment":[{"href":"http:\/\/laplumedeloiseaulyre.com\/index.php?rest_route=%2Fwp%2Fv2%2Fmedia&parent=6730"}],"curies":[{"name":"wp","href":"https:\/\/api.w.org\/{rel}","templated":true}]}}