{"id":6716,"date":"2018-02-28T14:54:03","date_gmt":"2018-02-28T14:54:03","guid":{"rendered":"http:\/\/laplumedeloiseaulyre.com\/?page_id=6716"},"modified":"2018-02-28T14:54:03","modified_gmt":"2018-02-28T14:54:03","slug":"echinacee-echinacea-purpurea","status":"publish","type":"page","link":"http:\/\/laplumedeloiseaulyre.com\/?page_id=6716","title":{"rendered":"\u00c9CHINAC\u00c9E  Echinacea purpurea"},"content":{"rendered":"<p>Quel \u00e9tait le d\u00e9sir d\u2019\u00c9chinac\u00e9e\u00a0?<br \/>\nAvoir une chambre \u00e0 soi, un bon feu,<br \/>\nDes livres, une plume \u00e0 l\u2019encre bleue<br \/>\nEt un porte-monnaie bien ficel\u00e9.<\/p>\n","protected":false},"excerpt":{"rendered":"<p>Quel \u00e9tait le d\u00e9sir d\u2019\u00c9chinac\u00e9e\u00a0? Avoir une chambre \u00e0 soi, un bon feu, Des livres, une plume \u00e0 l\u2019encre bleue Et un porte-monnaie bien ficel\u00e9.<\/p>\n<p class=\"more-link-p\"><a class=\"more-link\" href=\"http:\/\/laplumedeloiseaulyre.com\/?page_id=6716\">Read more &rarr;<\/a><\/p>\n","protected":false},"author":1,"featured_media":0,"parent":0,"menu_order":0,"comment_status":"closed","ping_status":"closed","template":"","meta":{"spay_email":""},"jetpack_shortlink":"https:\/\/wp.me\/P4lzfC-1Kk","_links":{"self":[{"href":"http:\/\/laplumedeloiseaulyre.com\/index.php?rest_route=\/wp\/v2\/pages\/6716"}],"collection":[{"href":"http:\/\/laplumedeloiseaulyre.com\/index.php?rest_route=\/wp\/v2\/pages"}],"about":[{"href":"http:\/\/laplumedeloiseaulyre.com\/index.php?rest_route=\/wp\/v2\/types\/page"}],"author":[{"embeddable":true,"href":"http:\/\/laplumedeloiseaulyre.com\/index.php?rest_route=\/wp\/v2\/users\/1"}],"replies":[{"embeddable":true,"href":"http:\/\/laplumedeloiseaulyre.com\/index.php?rest_route=%2Fwp%2Fv2%2Fcomments&post=6716"}],"version-history":[{"count":1,"href":"http:\/\/laplumedeloiseaulyre.com\/index.php?rest_route=\/wp\/v2\/pages\/6716\/revisions"}],"predecessor-version":[{"id":6717,"href":"http:\/\/laplumedeloiseaulyre.com\/index.php?rest_route=\/wp\/v2\/pages\/6716\/revisions\/6717"}],"wp:attachment":[{"href":"http:\/\/laplumedeloiseaulyre.com\/index.php?rest_route=%2Fwp%2Fv2%2Fmedia&parent=6716"}],"curies":[{"name":"wp","href":"https:\/\/api.w.org\/{rel}","templated":true}]}}