{"id":6574,"date":"2018-02-26T22:41:53","date_gmt":"2018-02-26T22:41:53","guid":{"rendered":"http:\/\/laplumedeloiseaulyre.com\/?page_id=6574"},"modified":"2022-02-25T00:27:46","modified_gmt":"2022-02-25T00:27:46","slug":"cineraire-jacobaea-maritima","status":"publish","type":"page","link":"http:\/\/laplumedeloiseaulyre.com\/?page_id=6574","title":{"rendered":"CIN\u00c9RAIRE MARITIME Jacobaea maritima"},"content":{"rendered":"<p>Art, tes gestes nous aveuglent d\u2019orgueil<br \/>\nAux paupi\u00e8res d\u2019aube du Pent\u00e9lique,<br \/>\n\u00c0 l\u2019aune des Cin\u00e9raires doriques<br \/>\nP\u00e9trifi\u00e9es dans un r\u00e9veil de bouscueil.<\/p>\n","protected":false},"excerpt":{"rendered":"<p>Art, tes gestes nous aveuglent d\u2019orgueil Aux paupi\u00e8res d\u2019aube du Pent\u00e9lique, \u00c0 l\u2019aune des Cin\u00e9raires doriques P\u00e9trifi\u00e9es dans un r\u00e9veil de bouscueil.<\/p>\n<p class=\"more-link-p\"><a class=\"more-link\" href=\"http:\/\/laplumedeloiseaulyre.com\/?page_id=6574\">Read more &rarr;<\/a><\/p>\n","protected":false},"author":1,"featured_media":0,"parent":0,"menu_order":0,"comment_status":"closed","ping_status":"closed","template":"","meta":{"spay_email":""},"jetpack_shortlink":"https:\/\/wp.me\/P4lzfC-1I2","_links":{"self":[{"href":"http:\/\/laplumedeloiseaulyre.com\/index.php?rest_route=\/wp\/v2\/pages\/6574"}],"collection":[{"href":"http:\/\/laplumedeloiseaulyre.com\/index.php?rest_route=\/wp\/v2\/pages"}],"about":[{"href":"http:\/\/laplumedeloiseaulyre.com\/index.php?rest_route=\/wp\/v2\/types\/page"}],"author":[{"embeddable":true,"href":"http:\/\/laplumedeloiseaulyre.com\/index.php?rest_route=\/wp\/v2\/users\/1"}],"replies":[{"embeddable":true,"href":"http:\/\/laplumedeloiseaulyre.com\/index.php?rest_route=%2Fwp%2Fv2%2Fcomments&post=6574"}],"version-history":[{"count":3,"href":"http:\/\/laplumedeloiseaulyre.com\/index.php?rest_route=\/wp\/v2\/pages\/6574\/revisions"}],"predecessor-version":[{"id":13661,"href":"http:\/\/laplumedeloiseaulyre.com\/index.php?rest_route=\/wp\/v2\/pages\/6574\/revisions\/13661"}],"wp:attachment":[{"href":"http:\/\/laplumedeloiseaulyre.com\/index.php?rest_route=%2Fwp%2Fv2%2Fmedia&parent=6574"}],"curies":[{"name":"wp","href":"https:\/\/api.w.org\/{rel}","templated":true}]}}