{"id":6565,"date":"2018-02-26T21:38:47","date_gmt":"2018-02-26T21:38:47","guid":{"rendered":"http:\/\/laplumedeloiseaulyre.com\/?page_id=6565"},"modified":"2021-06-27T11:30:42","modified_gmt":"2021-06-27T11:30:42","slug":"chrysantheme-chrysanthemum-grandiflorum","status":"publish","type":"page","link":"http:\/\/laplumedeloiseaulyre.com\/?page_id=6565","title":{"rendered":"CHRYSANTH\u00c8ME  Chrysanthemum x grandiflorum"},"content":{"rendered":"<p>Il m\u2019a sembl\u00e9 voir le fier Chrysanth\u00e8me<br \/>\nCouronn\u00e9 comme les mari\u00e9es Suntiang<br \/>\nAvec la tiare de Sumatra qu\u2019aiment<br \/>\nEt jalousent les femmes de Penang.<\/p>\n","protected":false},"excerpt":{"rendered":"<p>Il m\u2019a sembl\u00e9 voir le fier Chrysanth\u00e8me Couronn\u00e9 comme les mari\u00e9es Suntiang Avec la tiare de Sumatra qu\u2019aiment Et jalousent les femmes de Penang.<\/p>\n<p class=\"more-link-p\"><a class=\"more-link\" href=\"http:\/\/laplumedeloiseaulyre.com\/?page_id=6565\">Read more &rarr;<\/a><\/p>\n","protected":false},"author":1,"featured_media":0,"parent":0,"menu_order":0,"comment_status":"closed","ping_status":"closed","template":"","meta":{"spay_email":""},"jetpack_shortlink":"https:\/\/wp.me\/P4lzfC-1HT","_links":{"self":[{"href":"http:\/\/laplumedeloiseaulyre.com\/index.php?rest_route=\/wp\/v2\/pages\/6565"}],"collection":[{"href":"http:\/\/laplumedeloiseaulyre.com\/index.php?rest_route=\/wp\/v2\/pages"}],"about":[{"href":"http:\/\/laplumedeloiseaulyre.com\/index.php?rest_route=\/wp\/v2\/types\/page"}],"author":[{"embeddable":true,"href":"http:\/\/laplumedeloiseaulyre.com\/index.php?rest_route=\/wp\/v2\/users\/1"}],"replies":[{"embeddable":true,"href":"http:\/\/laplumedeloiseaulyre.com\/index.php?rest_route=%2Fwp%2Fv2%2Fcomments&post=6565"}],"version-history":[{"count":2,"href":"http:\/\/laplumedeloiseaulyre.com\/index.php?rest_route=\/wp\/v2\/pages\/6565\/revisions"}],"predecessor-version":[{"id":12363,"href":"http:\/\/laplumedeloiseaulyre.com\/index.php?rest_route=\/wp\/v2\/pages\/6565\/revisions\/12363"}],"wp:attachment":[{"href":"http:\/\/laplumedeloiseaulyre.com\/index.php?rest_route=%2Fwp%2Fv2%2Fmedia&parent=6565"}],"curies":[{"name":"wp","href":"https:\/\/api.w.org\/{rel}","templated":true}]}}