{"id":6558,"date":"2018-02-26T21:33:19","date_gmt":"2018-02-26T21:33:19","guid":{"rendered":"http:\/\/laplumedeloiseaulyre.com\/?page_id=6558"},"modified":"2018-02-26T21:33:19","modified_gmt":"2018-02-26T21:33:19","slug":"chicoree-sauvage-cichorium-intybus","status":"publish","type":"page","link":"http:\/\/laplumedeloiseaulyre.com\/?page_id=6558","title":{"rendered":"CHICOR\u00c9E SAUVAGE Cichorium intybus"},"content":{"rendered":"<p>Chat blanc, chat blanc enfile ses mitaines,<br \/>\nChat roux, chat roux joue de l\u2019ukul\u00e9l\u00e9,<br \/>\nChat bleu, chat bleu file un rouet de laine,<br \/>\nChat noir, chat noir court dans les Chicor\u00e9es.<\/p>\n","protected":false},"excerpt":{"rendered":"<p>Chat blanc, chat blanc enfile ses mitaines, Chat roux, chat roux joue de l\u2019ukul\u00e9l\u00e9, Chat bleu, chat bleu file un rouet de laine, Chat noir, chat noir court dans les Chicor\u00e9es.<\/p>\n<p class=\"more-link-p\"><a class=\"more-link\" href=\"http:\/\/laplumedeloiseaulyre.com\/?page_id=6558\">Read more &rarr;<\/a><\/p>\n","protected":false},"author":1,"featured_media":0,"parent":0,"menu_order":0,"comment_status":"closed","ping_status":"closed","template":"","meta":{"spay_email":""},"jetpack_shortlink":"https:\/\/wp.me\/P4lzfC-1HM","_links":{"self":[{"href":"http:\/\/laplumedeloiseaulyre.com\/index.php?rest_route=\/wp\/v2\/pages\/6558"}],"collection":[{"href":"http:\/\/laplumedeloiseaulyre.com\/index.php?rest_route=\/wp\/v2\/pages"}],"about":[{"href":"http:\/\/laplumedeloiseaulyre.com\/index.php?rest_route=\/wp\/v2\/types\/page"}],"author":[{"embeddable":true,"href":"http:\/\/laplumedeloiseaulyre.com\/index.php?rest_route=\/wp\/v2\/users\/1"}],"replies":[{"embeddable":true,"href":"http:\/\/laplumedeloiseaulyre.com\/index.php?rest_route=%2Fwp%2Fv2%2Fcomments&post=6558"}],"version-history":[{"count":1,"href":"http:\/\/laplumedeloiseaulyre.com\/index.php?rest_route=\/wp\/v2\/pages\/6558\/revisions"}],"predecessor-version":[{"id":6559,"href":"http:\/\/laplumedeloiseaulyre.com\/index.php?rest_route=\/wp\/v2\/pages\/6558\/revisions\/6559"}],"wp:attachment":[{"href":"http:\/\/laplumedeloiseaulyre.com\/index.php?rest_route=%2Fwp%2Fv2%2Fmedia&parent=6558"}],"curies":[{"name":"wp","href":"https:\/\/api.w.org\/{rel}","templated":true}]}}