{"id":6532,"date":"2018-02-26T21:15:49","date_gmt":"2018-02-26T21:15:49","guid":{"rendered":"http:\/\/laplumedeloiseaulyre.com\/?page_id=6532"},"modified":"2021-06-27T11:23:33","modified_gmt":"2021-06-27T11:23:33","slug":"chanvre-cannabis-indica","status":"publish","type":"page","link":"http:\/\/laplumedeloiseaulyre.com\/?page_id=6532","title":{"rendered":"CHANVRE Cannabis sativa subsp. indica"},"content":{"rendered":"<p>L\u2019id\u00e9e subsiste sur la fausse cordeli\u00e8re<br \/>\nQue tend Lach\u00e9sis \u00e0 ses doigts d\u00e9vidant l\u2019heure,<br \/>\nChaque instant ressort de son Chanvre comme un leurre :<br \/>\nVraiment des humains se moque la filandi\u00e8re !<\/p>\n","protected":false},"excerpt":{"rendered":"<p>L\u2019id\u00e9e subsiste sur la fausse cordeli\u00e8re Que tend Lach\u00e9sis \u00e0 ses doigts d\u00e9vidant l\u2019heure, Chaque instant ressort de son Chanvre comme un leurre : Vraiment des humains se moque la filandi\u00e8re !<\/p>\n<p class=\"more-link-p\"><a class=\"more-link\" href=\"http:\/\/laplumedeloiseaulyre.com\/?page_id=6532\">Read more &rarr;<\/a><\/p>\n","protected":false},"author":1,"featured_media":0,"parent":0,"menu_order":0,"comment_status":"closed","ping_status":"closed","template":"","meta":{"spay_email":""},"jetpack_shortlink":"https:\/\/wp.me\/P4lzfC-1Hm","_links":{"self":[{"href":"http:\/\/laplumedeloiseaulyre.com\/index.php?rest_route=\/wp\/v2\/pages\/6532"}],"collection":[{"href":"http:\/\/laplumedeloiseaulyre.com\/index.php?rest_route=\/wp\/v2\/pages"}],"about":[{"href":"http:\/\/laplumedeloiseaulyre.com\/index.php?rest_route=\/wp\/v2\/types\/page"}],"author":[{"embeddable":true,"href":"http:\/\/laplumedeloiseaulyre.com\/index.php?rest_route=\/wp\/v2\/users\/1"}],"replies":[{"embeddable":true,"href":"http:\/\/laplumedeloiseaulyre.com\/index.php?rest_route=%2Fwp%2Fv2%2Fcomments&post=6532"}],"version-history":[{"count":3,"href":"http:\/\/laplumedeloiseaulyre.com\/index.php?rest_route=\/wp\/v2\/pages\/6532\/revisions"}],"predecessor-version":[{"id":12356,"href":"http:\/\/laplumedeloiseaulyre.com\/index.php?rest_route=\/wp\/v2\/pages\/6532\/revisions\/12356"}],"wp:attachment":[{"href":"http:\/\/laplumedeloiseaulyre.com\/index.php?rest_route=%2Fwp%2Fv2%2Fmedia&parent=6532"}],"curies":[{"name":"wp","href":"https:\/\/api.w.org\/{rel}","templated":true}]}}