{"id":6512,"date":"2018-02-26T20:54:48","date_gmt":"2018-02-26T20:54:48","guid":{"rendered":"http:\/\/laplumedeloiseaulyre.com\/?page_id=6512"},"modified":"2021-06-27T11:18:18","modified_gmt":"2021-06-27T11:18:18","slug":"cedre-pleureur-cedrus-libani-subsp-atlantica-glauca-pendula","status":"publish","type":"page","link":"http:\/\/laplumedeloiseaulyre.com\/?page_id=6512","title":{"rendered":"C\u00c8DRE PLEUREUR  Cedrus libani subsp. atlantica &lsquo;Glauca Pendula&rsquo;"},"content":{"rendered":"<p>C\u00e8dre pleureur peigne ses longs cheveux<br \/>\nEn songeant aux lendemains incertains,<br \/>\nIl faut souffrir face au miroir serein<br \/>\nQui nous d\u00e9visage d&rsquo;un \u0153il s\u00e9rieux.<\/p>\n","protected":false},"excerpt":{"rendered":"<p>C\u00e8dre pleureur peigne ses longs cheveux En songeant aux lendemains incertains, Il faut souffrir face au miroir serein Qui nous d\u00e9visage d&rsquo;un \u0153il s\u00e9rieux.<\/p>\n<p class=\"more-link-p\"><a class=\"more-link\" href=\"http:\/\/laplumedeloiseaulyre.com\/?page_id=6512\">Read more &rarr;<\/a><\/p>\n","protected":false},"author":1,"featured_media":0,"parent":0,"menu_order":0,"comment_status":"closed","ping_status":"closed","template":"","meta":{"spay_email":""},"jetpack_shortlink":"https:\/\/wp.me\/P4lzfC-1H2","_links":{"self":[{"href":"http:\/\/laplumedeloiseaulyre.com\/index.php?rest_route=\/wp\/v2\/pages\/6512"}],"collection":[{"href":"http:\/\/laplumedeloiseaulyre.com\/index.php?rest_route=\/wp\/v2\/pages"}],"about":[{"href":"http:\/\/laplumedeloiseaulyre.com\/index.php?rest_route=\/wp\/v2\/types\/page"}],"author":[{"embeddable":true,"href":"http:\/\/laplumedeloiseaulyre.com\/index.php?rest_route=\/wp\/v2\/users\/1"}],"replies":[{"embeddable":true,"href":"http:\/\/laplumedeloiseaulyre.com\/index.php?rest_route=%2Fwp%2Fv2%2Fcomments&post=6512"}],"version-history":[{"count":2,"href":"http:\/\/laplumedeloiseaulyre.com\/index.php?rest_route=\/wp\/v2\/pages\/6512\/revisions"}],"predecessor-version":[{"id":12352,"href":"http:\/\/laplumedeloiseaulyre.com\/index.php?rest_route=\/wp\/v2\/pages\/6512\/revisions\/12352"}],"wp:attachment":[{"href":"http:\/\/laplumedeloiseaulyre.com\/index.php?rest_route=%2Fwp%2Fv2%2Fmedia&parent=6512"}],"curies":[{"name":"wp","href":"https:\/\/api.w.org\/{rel}","templated":true}]}}