{"id":6508,"date":"2018-02-26T20:49:41","date_gmt":"2018-02-26T20:49:41","guid":{"rendered":"http:\/\/laplumedeloiseaulyre.com\/?page_id=6508"},"modified":"2018-10-14T12:31:26","modified_gmt":"2018-10-14T12:31:26","slug":"cedrat-cedrus-medica","status":"publish","type":"page","link":"http:\/\/laplumedeloiseaulyre.com\/?page_id=6508","title":{"rendered":"C\u00c9DRAT  Citrus medica"},"content":{"rendered":"<p>\u00c0 chercher en toi l\u2019absolu sacr\u00e9<br \/>\nJe me suis perdue, comme distillat<br \/>\nS\u2019\u00e9vapore en fractionnant le C\u00e9drat<br \/>\nDans des cornues aux fragrances bris\u00e9es.<\/p>\n","protected":false},"excerpt":{"rendered":"<p>\u00c0 chercher en toi l\u2019absolu sacr\u00e9 Je me suis perdue, comme distillat S\u2019\u00e9vapore en fractionnant le C\u00e9drat Dans des cornues aux fragrances bris\u00e9es.<\/p>\n<p class=\"more-link-p\"><a class=\"more-link\" href=\"http:\/\/laplumedeloiseaulyre.com\/?page_id=6508\">Read more &rarr;<\/a><\/p>\n","protected":false},"author":1,"featured_media":0,"parent":0,"menu_order":0,"comment_status":"closed","ping_status":"closed","template":"","meta":{"spay_email":""},"jetpack_shortlink":"https:\/\/wp.me\/P4lzfC-1GY","_links":{"self":[{"href":"http:\/\/laplumedeloiseaulyre.com\/index.php?rest_route=\/wp\/v2\/pages\/6508"}],"collection":[{"href":"http:\/\/laplumedeloiseaulyre.com\/index.php?rest_route=\/wp\/v2\/pages"}],"about":[{"href":"http:\/\/laplumedeloiseaulyre.com\/index.php?rest_route=\/wp\/v2\/types\/page"}],"author":[{"embeddable":true,"href":"http:\/\/laplumedeloiseaulyre.com\/index.php?rest_route=\/wp\/v2\/users\/1"}],"replies":[{"embeddable":true,"href":"http:\/\/laplumedeloiseaulyre.com\/index.php?rest_route=%2Fwp%2Fv2%2Fcomments&post=6508"}],"version-history":[{"count":2,"href":"http:\/\/laplumedeloiseaulyre.com\/index.php?rest_route=\/wp\/v2\/pages\/6508\/revisions"}],"predecessor-version":[{"id":9053,"href":"http:\/\/laplumedeloiseaulyre.com\/index.php?rest_route=\/wp\/v2\/pages\/6508\/revisions\/9053"}],"wp:attachment":[{"href":"http:\/\/laplumedeloiseaulyre.com\/index.php?rest_route=%2Fwp%2Fv2%2Fmedia&parent=6508"}],"curies":[{"name":"wp","href":"https:\/\/api.w.org\/{rel}","templated":true}]}}