{"id":6461,"date":"2018-02-26T19:53:42","date_gmt":"2018-02-26T19:53:42","guid":{"rendered":"http:\/\/laplumedeloiseaulyre.com\/?page_id=6461"},"modified":"2022-02-25T00:18:49","modified_gmt":"2022-02-25T00:18:49","slug":"calamondin-citrus-madurensis","status":"publish","type":"page","link":"http:\/\/laplumedeloiseaulyre.com\/?page_id=6461","title":{"rendered":"CALAMONDIN  Citrus microcarpa"},"content":{"rendered":"<p>Oranger d\u2019appartement, le Calamondin<br \/>\nRegrette les orangeries des Philippines,<br \/>\nQuand il \u00e9tait Grand-mar\u00e9chal des bals mondains<br \/>\nEt qu&rsquo;il s\u00e9duisait les pimpantes mandarines.<\/p>\n","protected":false},"excerpt":{"rendered":"<p>Oranger d\u2019appartement, le Calamondin Regrette les orangeries des Philippines, Quand il \u00e9tait Grand-mar\u00e9chal des bals mondains Et qu&rsquo;il s\u00e9duisait les pimpantes mandarines.<\/p>\n<p class=\"more-link-p\"><a class=\"more-link\" href=\"http:\/\/laplumedeloiseaulyre.com\/?page_id=6461\">Read more &rarr;<\/a><\/p>\n","protected":false},"author":1,"featured_media":0,"parent":0,"menu_order":0,"comment_status":"closed","ping_status":"closed","template":"","meta":{"spay_email":""},"jetpack_shortlink":"https:\/\/wp.me\/P4lzfC-1Gd","_links":{"self":[{"href":"http:\/\/laplumedeloiseaulyre.com\/index.php?rest_route=\/wp\/v2\/pages\/6461"}],"collection":[{"href":"http:\/\/laplumedeloiseaulyre.com\/index.php?rest_route=\/wp\/v2\/pages"}],"about":[{"href":"http:\/\/laplumedeloiseaulyre.com\/index.php?rest_route=\/wp\/v2\/types\/page"}],"author":[{"embeddable":true,"href":"http:\/\/laplumedeloiseaulyre.com\/index.php?rest_route=\/wp\/v2\/users\/1"}],"replies":[{"embeddable":true,"href":"http:\/\/laplumedeloiseaulyre.com\/index.php?rest_route=%2Fwp%2Fv2%2Fcomments&post=6461"}],"version-history":[{"count":3,"href":"http:\/\/laplumedeloiseaulyre.com\/index.php?rest_route=\/wp\/v2\/pages\/6461\/revisions"}],"predecessor-version":[{"id":13655,"href":"http:\/\/laplumedeloiseaulyre.com\/index.php?rest_route=\/wp\/v2\/pages\/6461\/revisions\/13655"}],"wp:attachment":[{"href":"http:\/\/laplumedeloiseaulyre.com\/index.php?rest_route=%2Fwp%2Fv2%2Fmedia&parent=6461"}],"curies":[{"name":"wp","href":"https:\/\/api.w.org\/{rel}","templated":true}]}}