{"id":6394,"date":"2018-02-26T16:16:32","date_gmt":"2018-02-26T16:16:32","guid":{"rendered":"http:\/\/laplumedeloiseaulyre.com\/?page_id=6394"},"modified":"2018-02-26T16:16:32","modified_gmt":"2018-02-26T16:16:32","slug":"bergenia-bergenia-cordifolia","status":"publish","type":"page","link":"http:\/\/laplumedeloiseaulyre.com\/?page_id=6394","title":{"rendered":"BERG\u00c9NIA Bergenia cordifolia"},"content":{"rendered":"<p>Comment me priver de ta pens\u00e9e si pr\u00e9sente<br \/>\nQuand bat le flot blanc d\u2019un Berg\u00e9nia sacrifi\u00e9 ?<br \/>\nJe ne puis retenir, tu le sais, sa tourmente :<br \/>\nAmour je d\u00e9teste ton opini\u00e2tret\u00e9.<\/p>\n","protected":false},"excerpt":{"rendered":"<p>Comment me priver de ta pens\u00e9e si pr\u00e9sente Quand bat le flot blanc d\u2019un Berg\u00e9nia sacrifi\u00e9 ? Je ne puis retenir, tu le sais, sa tourmente : Amour je d\u00e9teste ton opini\u00e2tret\u00e9.<\/p>\n<p class=\"more-link-p\"><a class=\"more-link\" href=\"http:\/\/laplumedeloiseaulyre.com\/?page_id=6394\">Read more &rarr;<\/a><\/p>\n","protected":false},"author":1,"featured_media":0,"parent":0,"menu_order":0,"comment_status":"closed","ping_status":"closed","template":"","meta":{"spay_email":""},"jetpack_shortlink":"https:\/\/wp.me\/P4lzfC-1F8","_links":{"self":[{"href":"http:\/\/laplumedeloiseaulyre.com\/index.php?rest_route=\/wp\/v2\/pages\/6394"}],"collection":[{"href":"http:\/\/laplumedeloiseaulyre.com\/index.php?rest_route=\/wp\/v2\/pages"}],"about":[{"href":"http:\/\/laplumedeloiseaulyre.com\/index.php?rest_route=\/wp\/v2\/types\/page"}],"author":[{"embeddable":true,"href":"http:\/\/laplumedeloiseaulyre.com\/index.php?rest_route=\/wp\/v2\/users\/1"}],"replies":[{"embeddable":true,"href":"http:\/\/laplumedeloiseaulyre.com\/index.php?rest_route=%2Fwp%2Fv2%2Fcomments&post=6394"}],"version-history":[{"count":1,"href":"http:\/\/laplumedeloiseaulyre.com\/index.php?rest_route=\/wp\/v2\/pages\/6394\/revisions"}],"predecessor-version":[{"id":6395,"href":"http:\/\/laplumedeloiseaulyre.com\/index.php?rest_route=\/wp\/v2\/pages\/6394\/revisions\/6395"}],"wp:attachment":[{"href":"http:\/\/laplumedeloiseaulyre.com\/index.php?rest_route=%2Fwp%2Fv2%2Fmedia&parent=6394"}],"curies":[{"name":"wp","href":"https:\/\/api.w.org\/{rel}","templated":true}]}}