{"id":6392,"date":"2018-02-26T16:15:30","date_gmt":"2018-02-26T16:15:30","guid":{"rendered":"http:\/\/laplumedeloiseaulyre.com\/?page_id=6392"},"modified":"2021-06-26T23:22:15","modified_gmt":"2021-06-26T23:22:15","slug":"bergamote-citrus-bergamia","status":"publish","type":"page","link":"http:\/\/laplumedeloiseaulyre.com\/?page_id=6392","title":{"rendered":"BERGAMOTE  Citrus x limon var. bergamia"},"content":{"rendered":"<p>Regardez comme la Bergamote est chantante,<br \/>\nHarmoniant son parfum d\u2019agrume aux sons du th\u00e9,<br \/>\nChoriste au foyer d&rsquo;une tasse chatoyante,<br \/>\nSi d\u00e9vote dans sa parure de fum\u00e9e.<\/p>\n","protected":false},"excerpt":{"rendered":"<p>Regardez comme la Bergamote est chantante, Harmoniant son parfum d\u2019agrume aux sons du th\u00e9, Choriste au foyer d&rsquo;une tasse chatoyante, Si d\u00e9vote dans sa parure de fum\u00e9e.<\/p>\n<p class=\"more-link-p\"><a class=\"more-link\" href=\"http:\/\/laplumedeloiseaulyre.com\/?page_id=6392\">Read more &rarr;<\/a><\/p>\n","protected":false},"author":1,"featured_media":0,"parent":0,"menu_order":0,"comment_status":"closed","ping_status":"closed","template":"","meta":{"spay_email":""},"jetpack_shortlink":"https:\/\/wp.me\/P4lzfC-1F6","_links":{"self":[{"href":"http:\/\/laplumedeloiseaulyre.com\/index.php?rest_route=\/wp\/v2\/pages\/6392"}],"collection":[{"href":"http:\/\/laplumedeloiseaulyre.com\/index.php?rest_route=\/wp\/v2\/pages"}],"about":[{"href":"http:\/\/laplumedeloiseaulyre.com\/index.php?rest_route=\/wp\/v2\/types\/page"}],"author":[{"embeddable":true,"href":"http:\/\/laplumedeloiseaulyre.com\/index.php?rest_route=\/wp\/v2\/users\/1"}],"replies":[{"embeddable":true,"href":"http:\/\/laplumedeloiseaulyre.com\/index.php?rest_route=%2Fwp%2Fv2%2Fcomments&post=6392"}],"version-history":[{"count":3,"href":"http:\/\/laplumedeloiseaulyre.com\/index.php?rest_route=\/wp\/v2\/pages\/6392\/revisions"}],"predecessor-version":[{"id":12336,"href":"http:\/\/laplumedeloiseaulyre.com\/index.php?rest_route=\/wp\/v2\/pages\/6392\/revisions\/12336"}],"wp:attachment":[{"href":"http:\/\/laplumedeloiseaulyre.com\/index.php?rest_route=%2Fwp%2Fv2%2Fmedia&parent=6392"}],"curies":[{"name":"wp","href":"https:\/\/api.w.org\/{rel}","templated":true}]}}