{"id":6387,"date":"2018-02-26T15:57:17","date_gmt":"2018-02-26T15:57:17","guid":{"rendered":"http:\/\/laplumedeloiseaulyre.com\/?page_id=6387"},"modified":"2018-02-26T15:57:17","modified_gmt":"2018-02-26T15:57:17","slug":"benoite-geum-urbanum","status":"publish","type":"page","link":"http:\/\/laplumedeloiseaulyre.com\/?page_id=6387","title":{"rendered":"BENO\u00ceTE  Geum urbanum"},"content":{"rendered":"<p>Les moines cultivent avec abn\u00e9gation<br \/>\nBeno\u00eete cisel\u00e9e d\u2019ak\u00e8nes solitaires,<br \/>\nSertie de pennes par nature lapidaire,<br \/>\nHerbe du bon soldat qui chasse le d\u00e9mon.<\/p>\n","protected":false},"excerpt":{"rendered":"<p>Les moines cultivent avec abn\u00e9gation Beno\u00eete cisel\u00e9e d\u2019ak\u00e8nes solitaires, Sertie de pennes par nature lapidaire, Herbe du bon soldat qui chasse le d\u00e9mon.<\/p>\n<p class=\"more-link-p\"><a class=\"more-link\" href=\"http:\/\/laplumedeloiseaulyre.com\/?page_id=6387\">Read more &rarr;<\/a><\/p>\n","protected":false},"author":1,"featured_media":0,"parent":0,"menu_order":0,"comment_status":"closed","ping_status":"closed","template":"","meta":{"spay_email":""},"jetpack_shortlink":"https:\/\/wp.me\/P4lzfC-1F1","_links":{"self":[{"href":"http:\/\/laplumedeloiseaulyre.com\/index.php?rest_route=\/wp\/v2\/pages\/6387"}],"collection":[{"href":"http:\/\/laplumedeloiseaulyre.com\/index.php?rest_route=\/wp\/v2\/pages"}],"about":[{"href":"http:\/\/laplumedeloiseaulyre.com\/index.php?rest_route=\/wp\/v2\/types\/page"}],"author":[{"embeddable":true,"href":"http:\/\/laplumedeloiseaulyre.com\/index.php?rest_route=\/wp\/v2\/users\/1"}],"replies":[{"embeddable":true,"href":"http:\/\/laplumedeloiseaulyre.com\/index.php?rest_route=%2Fwp%2Fv2%2Fcomments&post=6387"}],"version-history":[{"count":1,"href":"http:\/\/laplumedeloiseaulyre.com\/index.php?rest_route=\/wp\/v2\/pages\/6387\/revisions"}],"predecessor-version":[{"id":6388,"href":"http:\/\/laplumedeloiseaulyre.com\/index.php?rest_route=\/wp\/v2\/pages\/6387\/revisions\/6388"}],"wp:attachment":[{"href":"http:\/\/laplumedeloiseaulyre.com\/index.php?rest_route=%2Fwp%2Fv2%2Fmedia&parent=6387"}],"curies":[{"name":"wp","href":"https:\/\/api.w.org\/{rel}","templated":true}]}}