{"id":6378,"date":"2018-02-26T15:52:44","date_gmt":"2018-02-26T15:52:44","guid":{"rendered":"http:\/\/laplumedeloiseaulyre.com\/?page_id=6378"},"modified":"2022-02-25T00:13:42","modified_gmt":"2022-02-25T00:13:42","slug":"belladone-atropa-belladonna","status":"publish","type":"page","link":"http:\/\/laplumedeloiseaulyre.com\/?page_id=6378","title":{"rendered":"BELLADONE Atropa belladonna"},"content":{"rendered":"<p>Belladone, tu reliras dans ce recueil<br \/>\nLes floralies de l\u2019enfance, joies et tristesses,<br \/>\nLes saisons des id\u00e9es de jeunesse \u00e0 vieillesse,<br \/>\nLa destin\u00e9e d\u2019une femme, feuille apr\u00e8s feuille.<\/p>\n","protected":false},"excerpt":{"rendered":"<p>Belladone, tu reliras dans ce recueil Les floralies de l\u2019enfance, joies et tristesses, Les saisons des id\u00e9es de jeunesse \u00e0 vieillesse, La destin\u00e9e d\u2019une femme, feuille apr\u00e8s feuille.<\/p>\n<p class=\"more-link-p\"><a class=\"more-link\" href=\"http:\/\/laplumedeloiseaulyre.com\/?page_id=6378\">Read more &rarr;<\/a><\/p>\n","protected":false},"author":1,"featured_media":0,"parent":0,"menu_order":0,"comment_status":"closed","ping_status":"closed","template":"","meta":{"spay_email":""},"jetpack_shortlink":"https:\/\/wp.me\/P4lzfC-1ES","_links":{"self":[{"href":"http:\/\/laplumedeloiseaulyre.com\/index.php?rest_route=\/wp\/v2\/pages\/6378"}],"collection":[{"href":"http:\/\/laplumedeloiseaulyre.com\/index.php?rest_route=\/wp\/v2\/pages"}],"about":[{"href":"http:\/\/laplumedeloiseaulyre.com\/index.php?rest_route=\/wp\/v2\/types\/page"}],"author":[{"embeddable":true,"href":"http:\/\/laplumedeloiseaulyre.com\/index.php?rest_route=\/wp\/v2\/users\/1"}],"replies":[{"embeddable":true,"href":"http:\/\/laplumedeloiseaulyre.com\/index.php?rest_route=%2Fwp%2Fv2%2Fcomments&post=6378"}],"version-history":[{"count":2,"href":"http:\/\/laplumedeloiseaulyre.com\/index.php?rest_route=\/wp\/v2\/pages\/6378\/revisions"}],"predecessor-version":[{"id":13649,"href":"http:\/\/laplumedeloiseaulyre.com\/index.php?rest_route=\/wp\/v2\/pages\/6378\/revisions\/13649"}],"wp:attachment":[{"href":"http:\/\/laplumedeloiseaulyre.com\/index.php?rest_route=%2Fwp%2Fv2%2Fmedia&parent=6378"}],"curies":[{"name":"wp","href":"https:\/\/api.w.org\/{rel}","templated":true}]}}