{"id":6320,"date":"2018-02-26T14:11:20","date_gmt":"2018-02-26T14:11:20","guid":{"rendered":"http:\/\/laplumedeloiseaulyre.com\/?page_id=6320"},"modified":"2018-02-26T14:11:20","modified_gmt":"2018-02-26T14:11:20","slug":"aubepine-crataegus-monogyna","status":"publish","type":"page","link":"http:\/\/laplumedeloiseaulyre.com\/?page_id=6320","title":{"rendered":"AUB\u00c9PINE  Crataegus monogyna"},"content":{"rendered":"<p>Ne r\u00e9veille pas l\u2019Aub\u00e9pine \u00e0 l&rsquo;aurore,<br \/>\nDe peur de t\u2019en repentir \u00e0 la tomb\u00e9e,<br \/>\nDe peur de trouver dans son c\u0153ur \u00e9point\u00e9<br \/>\nC\u00e9nelle d&rsquo;amour qui pourrait y \u00e9clore.<\/p>\n","protected":false},"excerpt":{"rendered":"<p>Ne r\u00e9veille pas l\u2019Aub\u00e9pine \u00e0 l&rsquo;aurore, De peur de t\u2019en repentir \u00e0 la tomb\u00e9e, De peur de trouver dans son c\u0153ur \u00e9point\u00e9 C\u00e9nelle d&rsquo;amour qui pourrait y \u00e9clore.<\/p>\n<p class=\"more-link-p\"><a class=\"more-link\" href=\"http:\/\/laplumedeloiseaulyre.com\/?page_id=6320\">Read more &rarr;<\/a><\/p>\n","protected":false},"author":1,"featured_media":0,"parent":0,"menu_order":0,"comment_status":"closed","ping_status":"closed","template":"","meta":{"spay_email":""},"jetpack_shortlink":"https:\/\/wp.me\/P4lzfC-1DW","_links":{"self":[{"href":"http:\/\/laplumedeloiseaulyre.com\/index.php?rest_route=\/wp\/v2\/pages\/6320"}],"collection":[{"href":"http:\/\/laplumedeloiseaulyre.com\/index.php?rest_route=\/wp\/v2\/pages"}],"about":[{"href":"http:\/\/laplumedeloiseaulyre.com\/index.php?rest_route=\/wp\/v2\/types\/page"}],"author":[{"embeddable":true,"href":"http:\/\/laplumedeloiseaulyre.com\/index.php?rest_route=\/wp\/v2\/users\/1"}],"replies":[{"embeddable":true,"href":"http:\/\/laplumedeloiseaulyre.com\/index.php?rest_route=%2Fwp%2Fv2%2Fcomments&post=6320"}],"version-history":[{"count":1,"href":"http:\/\/laplumedeloiseaulyre.com\/index.php?rest_route=\/wp\/v2\/pages\/6320\/revisions"}],"predecessor-version":[{"id":6321,"href":"http:\/\/laplumedeloiseaulyre.com\/index.php?rest_route=\/wp\/v2\/pages\/6320\/revisions\/6321"}],"wp:attachment":[{"href":"http:\/\/laplumedeloiseaulyre.com\/index.php?rest_route=%2Fwp%2Fv2%2Fmedia&parent=6320"}],"curies":[{"name":"wp","href":"https:\/\/api.w.org\/{rel}","templated":true}]}}