{"id":6283,"date":"2018-02-26T13:41:58","date_gmt":"2018-02-26T13:41:58","guid":{"rendered":"http:\/\/laplumedeloiseaulyre.com\/?page_id=6283"},"modified":"2022-01-29T22:12:17","modified_gmt":"2022-01-29T22:12:17","slug":"armoise-artemisia-vulgaris","status":"publish","type":"page","link":"http:\/\/laplumedeloiseaulyre.com\/?page_id=6283","title":{"rendered":"ARMOISE Artemisia vulgaris"},"content":{"rendered":"<p>En cette nuit lourde o\u00f9 vous m&rsquo;avez oubli\u00e9e<br \/>\nJ&rsquo;ai laiss\u00e9 chanter le jazz amer de l\u2019Armoise<br \/>\nD\u00e9sirant plus que tout son riff de sati\u00e9t\u00e9,<br \/>\nB\u00e9mols et di\u00e8ses qu\u2019elle d\u00e9verse narquoise.<\/p>\n","protected":false},"excerpt":{"rendered":"<p>En cette nuit lourde o\u00f9 vous m&rsquo;avez oubli\u00e9e J&rsquo;ai laiss\u00e9 chanter le jazz amer de l\u2019Armoise D\u00e9sirant plus que tout son riff de sati\u00e9t\u00e9, B\u00e9mols et di\u00e8ses qu\u2019elle d\u00e9verse narquoise.<\/p>\n<p class=\"more-link-p\"><a class=\"more-link\" href=\"http:\/\/laplumedeloiseaulyre.com\/?page_id=6283\">Read more &rarr;<\/a><\/p>\n","protected":false},"author":1,"featured_media":0,"parent":0,"menu_order":0,"comment_status":"closed","ping_status":"closed","template":"","meta":{"spay_email":""},"jetpack_shortlink":"https:\/\/wp.me\/P4lzfC-1Dl","_links":{"self":[{"href":"http:\/\/laplumedeloiseaulyre.com\/index.php?rest_route=\/wp\/v2\/pages\/6283"}],"collection":[{"href":"http:\/\/laplumedeloiseaulyre.com\/index.php?rest_route=\/wp\/v2\/pages"}],"about":[{"href":"http:\/\/laplumedeloiseaulyre.com\/index.php?rest_route=\/wp\/v2\/types\/page"}],"author":[{"embeddable":true,"href":"http:\/\/laplumedeloiseaulyre.com\/index.php?rest_route=\/wp\/v2\/users\/1"}],"replies":[{"embeddable":true,"href":"http:\/\/laplumedeloiseaulyre.com\/index.php?rest_route=%2Fwp%2Fv2%2Fcomments&post=6283"}],"version-history":[{"count":3,"href":"http:\/\/laplumedeloiseaulyre.com\/index.php?rest_route=\/wp\/v2\/pages\/6283\/revisions"}],"predecessor-version":[{"id":13470,"href":"http:\/\/laplumedeloiseaulyre.com\/index.php?rest_route=\/wp\/v2\/pages\/6283\/revisions\/13470"}],"wp:attachment":[{"href":"http:\/\/laplumedeloiseaulyre.com\/index.php?rest_route=%2Fwp%2Fv2%2Fmedia&parent=6283"}],"curies":[{"name":"wp","href":"https:\/\/api.w.org\/{rel}","templated":true}]}}